Last updated on 2024-07-01 03:49:03 CEST.
Flavor | Version | Tinstall | Tcheck | Ttotal | Status | Flags |
---|---|---|---|---|---|---|
r-devel-linux-x86_64-debian-clang | 0.5.8 | 15.39 | 353.77 | 369.16 | OK | |
r-devel-linux-x86_64-debian-gcc | 0.5.8 | 17.36 | 256.74 | 274.10 | OK | |
r-devel-linux-x86_64-fedora-clang | 0.5.8 | 496.81 | OK | |||
r-devel-linux-x86_64-fedora-gcc | 0.5.8 | 465.19 | OK | |||
r-devel-windows-x86_64 | 0.5.8 | 23.00 | 228.00 | 251.00 | OK | |
r-patched-linux-x86_64 | 0.5.7 | 21.03 | 326.09 | 347.12 | OK | |
r-release-linux-x86_64 | 0.5.8 | 21.27 | 330.74 | 352.01 | OK | |
r-release-macos-arm64 | 0.5.8 | 124.00 | OK | |||
r-release-macos-x86_64 | 0.5.8 | 328.00 | OK | |||
r-release-windows-x86_64 | 0.5.8 | 18.00 | 241.00 | 259.00 | OK | |
r-oldrel-macos-arm64 | 0.5.8 | 143.00 | ERROR | |||
r-oldrel-macos-x86_64 | 0.5.8 | 264.00 | ERROR | |||
r-oldrel-windows-x86_64 | 0.5.8 | 23.00 | 329.00 | 352.00 | OK |
Version: 0.5.8
Check: running R code from vignettes
Result: ERROR
Errors in running code in vignettes:
when running code in ‘nudge-examples.Rmd’
...
+ geom_text_s(position = position_nudge_keep(x = 0.1), min.segment.length = 0,
+ hju .... [TRUNCATED]
> ggplot(df1, aes(x = PC1, y = PC2, label = Species,
+ colour = Species)) + geom_hline(aes(yintercept = 0), linewidth = 0.2) +
+ geom_vline( .... [TRUNCATED]
When sourcing ‘nudge-examples.R’:
Error: object 'df1' not found
Execution halted
‘grammar-extensions.Rmd’ using ‘UTF-8’... [9s/11s] OK
‘nudge-examples.Rmd’ using ‘UTF-8’... failed
Flavor: r-oldrel-macos-arm64
Version: 0.5.8
Check: running R code from vignettes
Result: ERROR
Errors in running code in vignettes:
when running code in ‘nudge-examples.Rmd’
...
+ geom_text_s(position = position_nudge_keep(x = 0.1), min.segment.length = 0,
+ hju .... [TRUNCATED]
> ggplot(df1, aes(x = PC1, y = PC2, label = Species,
+ colour = Species)) + geom_hline(aes(yintercept = 0), linewidth = 0.2) +
+ geom_vline( .... [TRUNCATED]
When sourcing ‘nudge-examples.R’:
Error: object 'df1' not found
Execution halted
‘grammar-extensions.Rmd’ using ‘UTF-8’... [15s/22s] OK
‘nudge-examples.Rmd’ using ‘UTF-8’... failed
Flavor: r-oldrel-macos-x86_64