Last updated on 2024-07-01 03:49:03 CEST.
Flavor | Version | Tinstall | Tcheck | Ttotal | Status | Flags |
---|---|---|---|---|---|---|
r-devel-linux-x86_64-debian-clang | 0.0.7 | 9.72 | 58.93 | 68.65 | NOTE | |
r-devel-linux-x86_64-debian-gcc | 0.0.7 | 6.70 | 45.27 | 51.97 | NOTE | |
r-devel-linux-x86_64-fedora-clang | 0.0.7 | 88.79 | NOTE | |||
r-devel-linux-x86_64-fedora-gcc | 0.0.7 | 81.99 | NOTE | |||
r-devel-windows-x86_64 | 0.0.7 | 9.00 | 64.00 | 73.00 | NOTE | |
r-patched-linux-x86_64 | 0.0.7 | 11.11 | 56.71 | 67.82 | NOTE | |
r-release-linux-x86_64 | 0.0.7 | 7.91 | 55.29 | 63.20 | NOTE | |
r-release-macos-arm64 | 0.0.7 | 28.00 | NOTE | |||
r-release-macos-x86_64 | 0.0.7 | 40.00 | NOTE | |||
r-release-windows-x86_64 | 0.0.7 | 11.00 | 65.00 | 76.00 | NOTE | |
r-oldrel-macos-arm64 | 0.0.7 | 28.00 | NOTE | |||
r-oldrel-macos-x86_64 | 0.0.7 | 44.00 | NOTE | |||
r-oldrel-windows-x86_64 | 0.0.7 | 12.00 | 75.00 | 87.00 | NOTE |
Version: 0.0.7
Check: LazyData
Result: NOTE
'LazyData' is specified without a 'data' directory
Flavors: r-devel-linux-x86_64-debian-clang, r-devel-linux-x86_64-debian-gcc, r-devel-linux-x86_64-fedora-clang, r-devel-linux-x86_64-fedora-gcc, r-devel-windows-x86_64, r-patched-linux-x86_64, r-release-linux-x86_64, r-release-macos-arm64, r-release-macos-x86_64, r-release-windows-x86_64, r-oldrel-macos-arm64, r-oldrel-macos-x86_64, r-oldrel-windows-x86_64
Version: 0.0.7
Check: dependencies in R code
Result: NOTE
Namespaces in Imports field not imported from:
‘dplyr’ ‘grDevices’
All declared Imports should be used.
Flavors: r-devel-linux-x86_64-fedora-clang, r-devel-linux-x86_64-fedora-gcc