Last updated on 2024-07-01 03:49:03 CEST.
Flavor | Version | Tinstall | Tcheck | Ttotal | Status | Flags |
---|---|---|---|---|---|---|
r-devel-linux-x86_64-debian-clang | 0.5.6 | 23.20 | 374.52 | 397.72 | OK | |
r-devel-linux-x86_64-debian-gcc | 0.6.0 | 20.19 | 275.34 | 295.53 | OK | |
r-devel-linux-x86_64-fedora-clang | 0.6.0 | 507.39 | OK | |||
r-devel-linux-x86_64-fedora-gcc | 0.6.0 | 488.59 | OK | |||
r-devel-windows-x86_64 | 0.5.6 | 23.00 | 250.00 | 273.00 | OK | |
r-patched-linux-x86_64 | 0.5.6 | 31.38 | 360.51 | 391.89 | OK | |
r-release-linux-x86_64 | 0.6.0 | 19.46 | 360.40 | 379.86 | OK | |
r-release-macos-arm64 | 0.6.0 | 133.00 | OK | |||
r-release-macos-x86_64 | 0.6.0 | 337.00 | OK | |||
r-release-windows-x86_64 | 0.6.0 | 21.00 | 268.00 | 289.00 | OK | |
r-oldrel-macos-arm64 | 0.6.0 | 10.00 | ERROR | |||
r-oldrel-macos-x86_64 | 0.6.0 | 12.00 | ERROR | |||
r-oldrel-windows-x86_64 | 0.6.0 | 30.00 | 314.00 | 344.00 | OK |
Version: 0.6.0
Check: package dependencies
Result: ERROR
Package required and available but unsuitable version: ‘ggpp’
See section ‘The DESCRIPTION file’ in the ‘Writing R Extensions’
manual.
Flavors: r-oldrel-macos-arm64, r-oldrel-macos-x86_64