Last updated on 2024-07-01 03:49:03 CEST.
Flavor | Version | Tinstall | Tcheck | Ttotal | Status | Flags |
---|---|---|---|---|---|---|
r-devel-linux-x86_64-debian-clang | 0.0.1 | 5.33 | 51.59 | 56.92 | NOTE | |
r-devel-linux-x86_64-debian-gcc | 0.0.1 | 5.35 | 40.32 | 45.67 | NOTE | |
r-devel-linux-x86_64-fedora-clang | 0.0.1 | 76.05 | NOTE | |||
r-devel-linux-x86_64-fedora-gcc | 0.0.1 | 69.06 | NOTE | |||
r-devel-windows-x86_64 | 0.0.1 | 7.00 | 58.00 | 65.00 | NOTE | |
r-patched-linux-x86_64 | 0.0.1 | 10.07 | 49.73 | 59.80 | NOTE | |
r-release-linux-x86_64 | 0.0.1 | 4.02 | 49.64 | 53.66 | NOTE | |
r-release-macos-arm64 | 0.0.1 | 25.00 | NOTE | |||
r-release-macos-x86_64 | 0.0.1 | 35.00 | NOTE | |||
r-release-windows-x86_64 | 0.0.1 | 7.00 | 59.00 | 66.00 | NOTE | |
r-oldrel-macos-arm64 | 0.0.1 | 25.00 | NOTE | |||
r-oldrel-macos-x86_64 | 0.0.1 | 36.00 | NOTE | |||
r-oldrel-windows-x86_64 | 0.0.1 | 9.00 | 65.00 | 74.00 | NOTE |
Version: 0.0.1
Check: LazyData
Result: NOTE
'LazyData' is specified without a 'data' directory
Flavors: r-devel-linux-x86_64-debian-clang, r-devel-linux-x86_64-debian-gcc, r-devel-linux-x86_64-fedora-clang, r-devel-linux-x86_64-fedora-gcc, r-devel-windows-x86_64, r-patched-linux-x86_64, r-release-linux-x86_64, r-release-macos-arm64, r-release-macos-x86_64, r-release-windows-x86_64, r-oldrel-macos-arm64, r-oldrel-macos-x86_64, r-oldrel-windows-x86_64