Last updated on 2024-07-01 03:49:03 CEST.
Flavor | Version | Tinstall | Tcheck | Ttotal | Status | Flags |
---|---|---|---|---|---|---|
r-devel-linux-x86_64-debian-clang | 0.1.3 | 7.31 | 75.17 | 82.48 | NOTE | |
r-devel-linux-x86_64-debian-gcc | 0.1.3 | 8.23 | 59.08 | 67.31 | NOTE | |
r-devel-linux-x86_64-fedora-clang | 0.1.3 | 113.30 | NOTE | |||
r-devel-linux-x86_64-fedora-gcc | 0.1.3 | 114.19 | NOTE | |||
r-devel-windows-x86_64 | 0.1.3 | 11.00 | 77.00 | 88.00 | NOTE | |
r-patched-linux-x86_64 | 0.1.3 | 6.31 | 73.48 | 79.79 | NOTE | |
r-release-linux-x86_64 | 0.1.3 | 6.74 | 72.00 | 78.74 | NOTE | |
r-release-macos-arm64 | 0.1.3 | 37.00 | NOTE | |||
r-release-macos-x86_64 | 0.1.3 | 63.00 | NOTE | |||
r-release-windows-x86_64 | 0.1.3 | 10.00 | 76.00 | 86.00 | NOTE | |
r-oldrel-macos-arm64 | 0.1.3 | 42.00 | NOTE | |||
r-oldrel-macos-x86_64 | 0.1.3 | 75.00 | NOTE | |||
r-oldrel-windows-x86_64 | 0.1.3 | 13.00 | 88.00 | 101.00 | NOTE |
Version: 0.1.3
Check: LazyData
Result: NOTE
'LazyData' is specified without a 'data' directory
Flavors: r-devel-linux-x86_64-debian-clang, r-devel-linux-x86_64-debian-gcc, r-devel-linux-x86_64-fedora-clang, r-devel-linux-x86_64-fedora-gcc, r-devel-windows-x86_64, r-patched-linux-x86_64, r-release-linux-x86_64, r-release-macos-arm64, r-release-macos-x86_64, r-release-windows-x86_64, r-oldrel-macos-arm64, r-oldrel-macos-x86_64, r-oldrel-windows-x86_64
Version: 0.1.3
Check: dependencies in R code
Result: NOTE
Namespaces in Imports field not imported from:
‘gcookbook’ ‘ggthemes’ ‘moonBook’ ‘tidyverse’
All declared Imports should be used.
Flavors: r-devel-linux-x86_64-fedora-clang, r-devel-linux-x86_64-fedora-gcc