Last updated on 2024-07-01 03:49:03 CEST.
Flavor | Version | Tinstall | Tcheck | Ttotal | Status | Flags |
---|---|---|---|---|---|---|
r-devel-linux-x86_64-debian-clang | 1.7.0 | 13.93 | 286.79 | 300.72 | OK | |
r-devel-linux-x86_64-debian-gcc | 1.7.0 | 10.28 | 242.54 | 252.82 | OK | |
r-devel-linux-x86_64-fedora-clang | 1.7.0 | 322.39 | OK | |||
r-devel-linux-x86_64-fedora-gcc | 1.7.0 | 414.60 | OK | |||
r-devel-windows-x86_64 | 1.7.0 | 15.00 | 262.00 | 277.00 | OK | |
r-patched-linux-x86_64 | 1.7.0 | 13.46 | 312.73 | 326.19 | OK | |
r-release-linux-x86_64 | 1.7.0 | 12.61 | 323.31 | 335.92 | NOTE | |
r-release-macos-arm64 | 1.7.0 | 75.00 | OK | |||
r-release-macos-x86_64 | 1.7.0 | 188.00 | OK | |||
r-release-windows-x86_64 | 1.7.0 | 13.00 | 267.00 | 280.00 | OK | |
r-oldrel-macos-arm64 | 1.7.0 | 58.00 | OK | |||
r-oldrel-macos-x86_64 | 1.7.0 | 136.00 | OK | |||
r-oldrel-windows-x86_64 | 1.7.0 | 13.00 | 340.00 | 353.00 | OK |
Version: 1.7.0
Check: package dependencies
Result: NOTE
Package suggested but not available for checking: ‘sdmTMB’
Flavor: r-release-linux-x86_64