Last updated on 2024-07-01 03:49:03 CEST.
Flavor | Version | Tinstall | Tcheck | Ttotal | Status | Flags |
---|---|---|---|---|---|---|
r-devel-linux-x86_64-debian-clang | 2.0.5 | 133.95 | 241.50 | 375.45 | NOTE | |
r-devel-linux-x86_64-debian-gcc | 2.0.5 | 88.08 | 182.43 | 270.51 | NOTE | |
r-devel-linux-x86_64-fedora-clang | 2.0.5 | 448.82 | NOTE | |||
r-devel-linux-x86_64-fedora-gcc | 2.0.5 | 496.45 | NOTE | |||
r-devel-windows-x86_64 | 2.0.5 | 77.00 | 218.00 | 295.00 | NOTE | |
r-patched-linux-x86_64 | 2.0.5 | 77.76 | 235.47 | 313.23 | NOTE | |
r-release-linux-x86_64 | 2.0.5 | 80.91 | 237.16 | 318.07 | NOTE | |
r-release-macos-arm64 | 2.0.5 | 114.00 | NOTE | |||
r-release-macos-x86_64 | 2.0.5 | 196.00 | NOTE | |||
r-release-windows-x86_64 | 2.0.5 | 80.00 | 225.00 | 305.00 | NOTE | |
r-oldrel-macos-arm64 | 2.0.5 | 164.00 | NOTE | |||
r-oldrel-macos-x86_64 | 2.0.5 | 244.00 | NOTE | |||
r-oldrel-windows-x86_64 | 2.0.5 | 103.00 | 255.00 | 358.00 | NOTE |
Version: 2.0.5
Check: C++ specification
Result: NOTE
Specified C++11: please drop specification unless essential
Flavors: r-devel-linux-x86_64-debian-clang, r-devel-linux-x86_64-debian-gcc, r-devel-linux-x86_64-fedora-clang, r-devel-linux-x86_64-fedora-gcc, r-devel-windows-x86_64, r-patched-linux-x86_64, r-release-linux-x86_64, r-release-macos-arm64, r-release-macos-x86_64, r-release-windows-x86_64, r-oldrel-macos-arm64, r-oldrel-macos-x86_64, r-oldrel-windows-x86_64
Version: 2.0.5
Check: installed package size
Result: NOTE
installed size is 33.2Mb
sub-directories of 1Mb or more:
libs 32.7Mb
Flavors: r-release-macos-arm64, r-release-macos-x86_64, r-oldrel-macos-arm64, r-oldrel-macos-x86_64