Last updated on 2024-07-01 03:49:03 CEST.
Flavor | Version | Tinstall | Tcheck | Ttotal | Status | Flags |
---|---|---|---|---|---|---|
r-devel-linux-x86_64-debian-clang | 0.1.12 | 9.29 | 81.22 | 90.51 | OK | |
r-devel-linux-x86_64-debian-gcc | 0.1.12 | 7.81 | 60.72 | 68.53 | OK | |
r-devel-linux-x86_64-fedora-clang | 0.1.12 | 114.68 | NOTE | |||
r-devel-linux-x86_64-fedora-gcc | 0.1.12 | 118.49 | NOTE | |||
r-devel-windows-x86_64 | 0.1.12 | 11.00 | 89.00 | 100.00 | OK | |
r-patched-linux-x86_64 | 0.1.12 | 8.09 | 76.96 | 85.05 | OK | |
r-release-linux-x86_64 | 0.1.12 | 5.54 | 77.31 | 82.85 | OK | |
r-release-macos-arm64 | 0.1.12 | 39.00 | OK | |||
r-release-macos-x86_64 | 0.1.12 | 62.00 | OK | |||
r-release-windows-x86_64 | 0.1.12 | 12.00 | 88.00 | 100.00 | OK | |
r-oldrel-macos-arm64 | 0.1.12 | 38.00 | OK | |||
r-oldrel-macos-x86_64 | 0.1.12 | 61.00 | OK | |||
r-oldrel-windows-x86_64 | 0.1.12 | 12.00 | 98.00 | 110.00 | OK |
Version: 0.1.12
Check: dependencies in R code
Result: NOTE
Namespaces in Imports field not imported from:
‘googlesheets4’ ‘tidyr’
All declared Imports should be used.
Flavors: r-devel-linux-x86_64-fedora-clang, r-devel-linux-x86_64-fedora-gcc