Last updated on 2024-07-01 03:49:03 CEST.
Flavor | Version | Tinstall | Tcheck | Ttotal | Status | Flags |
---|---|---|---|---|---|---|
r-devel-linux-x86_64-debian-clang | 0.37 | 13.94 | 123.58 | 137.52 | NOTE | |
r-devel-linux-x86_64-debian-gcc | 0.37 | 11.36 | 89.40 | 100.76 | NOTE | |
r-devel-linux-x86_64-fedora-clang | 0.37 | 165.41 | NOTE | |||
r-devel-linux-x86_64-fedora-gcc | 0.37 | 171.53 | NOTE | |||
r-devel-windows-x86_64 | 0.37 | 12.00 | 139.00 | 151.00 | NOTE | |
r-patched-linux-x86_64 | 0.37 | 17.09 | 113.50 | 130.59 | NOTE | |
r-release-linux-x86_64 | 0.37 | 13.72 | 115.35 | 129.07 | NOTE | |
r-release-macos-arm64 | 0.37 | 51.00 | NOTE | |||
r-release-macos-x86_64 | 0.37 | 93.00 | NOTE | |||
r-release-windows-x86_64 | 0.37 | 12.00 | 138.00 | 150.00 | NOTE | |
r-oldrel-macos-arm64 | 0.37 | 50.00 | OK | |||
r-oldrel-macos-x86_64 | 0.37 | 120.00 | OK | |||
r-oldrel-windows-x86_64 | 0.37 | 16.00 | 150.00 | 166.00 | OK |
Version: 0.37
Check: Rd files
Result: NOTE
checkRd: (-1) vargaugeiis.Rd:22: Lost braces
22 | \details{The function computes the variance of the Gauge (false-positive rate of outliers in impulse indicator saturation) for a given level of significance of selection (\code{t.pval}) and sample size ({\code{T}) based on Jiao and Pretis (2019). This is an auxilliary function used within the \code{\link{outliertest}} function.}}
| ^
Flavors: r-devel-linux-x86_64-debian-clang, r-devel-linux-x86_64-debian-gcc, r-devel-linux-x86_64-fedora-clang, r-devel-linux-x86_64-fedora-gcc, r-devel-windows-x86_64, r-patched-linux-x86_64, r-release-linux-x86_64, r-release-macos-arm64, r-release-macos-x86_64, r-release-windows-x86_64