Last updated on 2024-07-01 03:49:03 CEST.
Flavor | Version | Tinstall | Tcheck | Ttotal | Status | Flags |
---|---|---|---|---|---|---|
r-devel-linux-x86_64-debian-clang | 0.2.8 | 42.00 | 334.15 | 376.15 | OK | |
r-devel-linux-x86_64-debian-gcc | 0.2.8 | 30.26 | 239.66 | 269.92 | OK | |
r-devel-linux-x86_64-fedora-clang | 0.2.8 | 461.61 | NOTE | |||
r-devel-linux-x86_64-fedora-gcc | 0.2.8 | 441.18 | NOTE | |||
r-devel-windows-x86_64 | 0.2.8 | 30.00 | 205.00 | 235.00 | OK | |
r-patched-linux-x86_64 | 0.2.8 | 31.54 | 318.69 | 350.23 | OK | |
r-release-linux-x86_64 | 0.2.8 | 24.64 | 317.67 | 342.31 | OK | |
r-release-macos-arm64 | 0.2.8 | 114.00 | OK | |||
r-release-macos-x86_64 | 0.2.8 | 229.00 | OK | |||
r-release-windows-x86_64 | 0.2.8 | 29.00 | 210.00 | 239.00 | OK | |
r-oldrel-macos-arm64 | 0.2.8 | 105.00 | OK | |||
r-oldrel-macos-x86_64 | 0.2.8 | 223.00 | OK | |||
r-oldrel-windows-x86_64 | 0.2.8 | 40.00 | 274.00 | 314.00 | OK |
Version: 0.2.8
Check: data for non-ASCII characters
Result: NOTE
Note: found 64 marked Latin-1 strings
Note: found 25 marked UTF-8 strings
Flavors: r-devel-linux-x86_64-fedora-clang, r-devel-linux-x86_64-fedora-gcc