Last updated on 2024-07-01 03:49:03 CEST.
Flavor | Version | Tinstall | Tcheck | Ttotal | Status | Flags |
---|---|---|---|---|---|---|
r-devel-linux-x86_64-debian-clang | 1.1.1 | 60.28 | 39.75 | 100.03 | NOTE | |
r-devel-linux-x86_64-debian-gcc | 1.1.1 | 50.40 | 30.01 | 80.41 | NOTE | |
r-devel-linux-x86_64-fedora-clang | 1.1.1 | 146.63 | NOTE | |||
r-devel-linux-x86_64-fedora-gcc | 1.1.1 | 169.08 | NOTE | |||
r-devel-windows-x86_64 | 1.1.1 | 53.00 | 79.00 | 132.00 | NOTE | |
r-patched-linux-x86_64 | 1.1.1 | 55.90 | 38.05 | 93.95 | NOTE | |
r-release-linux-x86_64 | 1.1.1 | 50.95 | 37.86 | 88.81 | NOTE | |
r-release-macos-arm64 | 1.1.1 | 40.00 | NOTE | |||
r-release-macos-x86_64 | 1.1.1 | 54.00 | NOTE | |||
r-release-windows-x86_64 | 1.1.1 | 52.00 | 78.00 | 130.00 | NOTE | |
r-oldrel-macos-arm64 | 1.1.1 | 47.00 | NOTE | |||
r-oldrel-macos-x86_64 | 1.1.1 | 73.00 | NOTE | |||
r-oldrel-windows-x86_64 | 1.1.1 | 62.00 | 81.00 | 143.00 | NOTE |
Version: 1.1.1
Check: C++ specification
Result: NOTE
Specified C++11: please drop specification unless essential
Flavors: r-devel-linux-x86_64-debian-clang, r-devel-linux-x86_64-debian-gcc, r-devel-linux-x86_64-fedora-clang, r-devel-linux-x86_64-fedora-gcc, r-devel-windows-x86_64, r-patched-linux-x86_64, r-release-linux-x86_64, r-release-macos-arm64, r-release-macos-x86_64, r-release-windows-x86_64, r-oldrel-macos-arm64, r-oldrel-macos-x86_64, r-oldrel-windows-x86_64
Version: 1.1.1
Check: installed package size
Result: NOTE
installed size is 6.1Mb
sub-directories of 1Mb or more:
doc 1.3Mb
libs 4.6Mb
Flavors: r-release-macos-arm64, r-release-macos-x86_64, r-oldrel-macos-arm64, r-oldrel-macos-x86_64