Last updated on 2024-07-01 03:49:03 CEST.
Flavor | Version | Tinstall | Tcheck | Ttotal | Status | Flags |
---|---|---|---|---|---|---|
r-devel-linux-x86_64-debian-clang | 0.1.0 | 2.35 | 184.38 | 186.73 | NOTE | |
r-devel-linux-x86_64-debian-gcc | 0.1.0 | 1.81 | 123.71 | 125.52 | NOTE | |
r-devel-linux-x86_64-fedora-clang | 0.1.0 | 226.29 | NOTE | |||
r-devel-linux-x86_64-fedora-gcc | 0.1.0 | 225.90 | NOTE | |||
r-devel-windows-x86_64 | 0.1.0 | 3.00 | 124.00 | 127.00 | NOTE | |
r-patched-linux-x86_64 | 0.1.0 | 2.10 | 171.22 | 173.32 | NOTE | |
r-release-linux-x86_64 | 0.1.0 | 1.94 | 169.88 | 171.82 | NOTE | |
r-release-macos-arm64 | 0.1.0 | 54.00 | NOTE | |||
r-release-macos-x86_64 | 0.1.0 | 106.00 | NOTE | |||
r-release-windows-x86_64 | 0.1.0 | 4.00 | 126.00 | 130.00 | NOTE | |
r-oldrel-macos-arm64 | 0.1.0 | 62.00 | NOTE | |||
r-oldrel-macos-x86_64 | 0.1.0 | 115.00 | NOTE | |||
r-oldrel-windows-x86_64 | 0.1.0 | 3.00 | 174.00 | 177.00 | NOTE |
Version: 0.1.0
Check: LazyData
Result: NOTE
'LazyData' is specified without a 'data' directory
Flavors: r-devel-linux-x86_64-debian-clang, r-devel-linux-x86_64-debian-gcc, r-devel-linux-x86_64-fedora-clang, r-devel-linux-x86_64-fedora-gcc, r-devel-windows-x86_64, r-patched-linux-x86_64, r-release-linux-x86_64, r-release-macos-arm64, r-release-macos-x86_64, r-release-windows-x86_64, r-oldrel-macos-arm64, r-oldrel-macos-x86_64, r-oldrel-windows-x86_64