Last updated on 2024-07-01 03:49:03 CEST.
Flavor | Version | Tinstall | Tcheck | Ttotal | Status | Flags |
---|---|---|---|---|---|---|
r-devel-linux-x86_64-debian-clang | 1.0.5 | 85.76 | 31.49 | 117.25 | NOTE | |
r-devel-linux-x86_64-debian-gcc | 1.0.5 | 52.84 | 24.36 | 77.20 | NOTE | |
r-devel-linux-x86_64-fedora-clang | 1.0.5 | 178.36 | NOTE | |||
r-devel-linux-x86_64-fedora-gcc | 1.0.5 | 160.88 | NOTE | |||
r-devel-windows-x86_64 | 1.0.5 | 56.00 | 73.00 | 129.00 | NOTE | |
r-patched-linux-x86_64 | 1.0.5 | 68.44 | 30.94 | 99.38 | NOTE | |
r-release-linux-x86_64 | 1.0.5 | 60.56 | 31.66 | 92.22 | NOTE | |
r-release-macos-arm64 | 1.0.5 | 36.00 | NOTE | |||
r-release-macos-x86_64 | 1.0.5 | 40.00 | NOTE | |||
r-release-windows-x86_64 | 1.0.5 | 60.00 | 73.00 | 133.00 | NOTE | |
r-oldrel-macos-arm64 | 1.0.5 | 44.00 | NOTE | |||
r-oldrel-macos-x86_64 | 1.0.5 | 67.00 | NOTE | |||
r-oldrel-windows-x86_64 | 1.0.5 | 73.00 | 82.00 | 155.00 | NOTE |
Version: 1.0.5
Check: C++ specification
Result: NOTE
Specified C++11: please drop specification unless essential
Flavors: r-devel-linux-x86_64-debian-clang, r-devel-linux-x86_64-debian-gcc, r-devel-linux-x86_64-fedora-clang, r-devel-linux-x86_64-fedora-gcc, r-devel-windows-x86_64, r-patched-linux-x86_64, r-release-linux-x86_64, r-release-macos-arm64, r-release-macos-x86_64, r-release-windows-x86_64, r-oldrel-macos-arm64, r-oldrel-macos-x86_64, r-oldrel-windows-x86_64