Last updated on 2024-07-01 03:49:02 CEST.
Flavor | Version | Tinstall | Tcheck | Ttotal | Status | Flags |
---|---|---|---|---|---|---|
r-devel-linux-x86_64-debian-clang | 0.7.0 | 8.55 | 63.25 | 71.80 | NOTE | |
r-devel-linux-x86_64-debian-gcc | 0.7.0 | 5.44 | 48.58 | 54.02 | NOTE | |
r-devel-linux-x86_64-fedora-clang | 0.7.0 | 90.30 | NOTE | |||
r-devel-linux-x86_64-fedora-gcc | 0.7.0 | 82.52 | NOTE | |||
r-devel-windows-x86_64 | 0.7.0 | 7.00 | 60.00 | 67.00 | NOTE | |
r-patched-linux-x86_64 | 0.7.0 | 6.46 | 59.62 | 66.08 | NOTE | |
r-release-linux-x86_64 | 0.7.0 | 5.83 | 59.65 | 65.48 | NOTE | |
r-release-macos-arm64 | 0.7.0 | 27.00 | NOTE | |||
r-release-macos-x86_64 | 0.7.0 | 44.00 | NOTE | |||
r-release-windows-x86_64 | 0.7.0 | 7.00 | 63.00 | 70.00 | NOTE | |
r-oldrel-macos-arm64 | 0.7.0 | 30.00 | NOTE | |||
r-oldrel-macos-x86_64 | 0.7.0 | 46.00 | NOTE | |||
r-oldrel-windows-x86_64 | 0.7.0 | 8.00 | 71.00 | 79.00 | NOTE |
Version: 0.7.0
Check: LazyData
Result: NOTE
'LazyData' is specified without a 'data' directory
Flavors: r-devel-linux-x86_64-debian-clang, r-devel-linux-x86_64-debian-gcc, r-devel-linux-x86_64-fedora-clang, r-devel-linux-x86_64-fedora-gcc, r-devel-windows-x86_64, r-patched-linux-x86_64, r-release-linux-x86_64, r-release-macos-arm64, r-release-macos-x86_64, r-release-windows-x86_64, r-oldrel-macos-arm64, r-oldrel-macos-x86_64, r-oldrel-windows-x86_64