Last updated on 2024-07-01 03:49:02 CEST.
Flavor | Version | Tinstall | Tcheck | Ttotal | Status | Flags |
---|---|---|---|---|---|---|
r-devel-linux-x86_64-debian-clang | 0.11-1 | 13.05 | 250.08 | 263.13 | OK | |
r-devel-linux-x86_64-debian-gcc | 0.11-1 | 7.08 | 175.29 | 182.37 | OK | |
r-devel-linux-x86_64-fedora-clang | 0.11-1 | 265.88 | NOTE | |||
r-devel-linux-x86_64-fedora-gcc | 0.11-1 | 337.47 | OK | |||
r-devel-windows-x86_64 | 0.11-1 | 9.00 | 196.00 | 205.00 | OK | |
r-patched-linux-x86_64 | 0.11-1 | 14.16 | 239.08 | 253.24 | OK | |
r-release-linux-x86_64 | 0.11-1 | 7.72 | 235.27 | 242.99 | OK | |
r-release-macos-arm64 | 0.11-1 | 83.00 | OK | |||
r-release-macos-x86_64 | 0.11-1 | 144.00 | OK | |||
r-release-windows-x86_64 | 0.11-1 | 10.00 | 193.00 | 203.00 | OK | |
r-oldrel-macos-arm64 | 0.11-1 | 94.00 | OK | |||
r-oldrel-macos-x86_64 | 0.11-1 | 255.00 | OK | |||
r-oldrel-windows-x86_64 | 0.11-1 | 12.00 | 239.00 | 251.00 | OK |
Version: 0.11-1
Check: Rd cross-references
Result: NOTE
Undeclared package ‘mfdb’ in Rd xrefs
Flavor: r-devel-linux-x86_64-fedora-clang