Last updated on 2024-07-01 03:49:02 CEST.
Flavor | Version | Tinstall | Tcheck | Ttotal | Status | Flags |
---|---|---|---|---|---|---|
r-devel-linux-x86_64-debian-clang | 1.0.8 | 6.71 | 150.79 | 157.50 | OK | |
r-devel-linux-x86_64-debian-gcc | 1.0.8 | 5.44 | 110.61 | 116.05 | OK | |
r-devel-linux-x86_64-fedora-clang | 1.0.8 | 195.59 | OK | |||
r-devel-linux-x86_64-fedora-gcc | 1.0.8 | 190.69 | OK | |||
r-devel-windows-x86_64 | 1.0.8 | 20.00 | 126.00 | 146.00 | OK | |
r-patched-linux-x86_64 | 1.0.8 | 6.28 | 142.81 | 149.09 | OK | |
r-release-linux-x86_64 | 1.0.8 | 5.38 | 141.95 | 147.33 | OK | |
r-release-macos-arm64 | 1.0.8 | 59.00 | OK | |||
r-release-macos-x86_64 | 1.0.8 | 98.00 | OK | |||
r-release-windows-x86_64 | 1.0.8 | 19.00 | 127.00 | 146.00 | OK | |
r-oldrel-macos-arm64 | 1.0.8 | 27.00 | NOTE | |||
r-oldrel-macos-x86_64 | 1.0.8 | 40.00 | NOTE | |||
r-oldrel-windows-x86_64 | 1.0.8 | 27.00 | 158.00 | 185.00 | OK |
Version: 1.0.8
Check: package dependencies
Result: NOTE
Package suggested but not available for checking: ‘WGCNA’
Flavors: r-oldrel-macos-arm64, r-oldrel-macos-x86_64