Last updated on 2024-07-01 03:49:02 CEST.
Flavor | Version | Tinstall | Tcheck | Ttotal | Status | Flags |
---|---|---|---|---|---|---|
r-devel-linux-x86_64-debian-clang | 0.9.4.4 | 22.18 | 153.47 | 175.65 | NOTE | |
r-devel-linux-x86_64-debian-gcc | 0.9.4.4 | 14.52 | 114.13 | 128.65 | NOTE | |
r-devel-linux-x86_64-fedora-clang | 0.9.4.4 | 219.44 | NOTE | |||
r-devel-linux-x86_64-fedora-gcc | 0.9.4.4 | 223.80 | NOTE | |||
r-devel-windows-x86_64 | 0.9.4.4 | 16.00 | 128.00 | 144.00 | NOTE | |
r-patched-linux-x86_64 | 0.9.4.4 | 13.16 | 144.25 | 157.41 | NOTE | |
r-release-linux-x86_64 | 0.9.4.4 | 12.32 | 144.48 | 156.80 | NOTE | |
r-release-macos-arm64 | 0.9.4.4 | 62.00 | NOTE | |||
r-release-macos-x86_64 | 0.9.4.4 | 101.00 | NOTE | |||
r-release-windows-x86_64 | 0.9.4.4 | 14.00 | 129.00 | 143.00 | NOTE | |
r-oldrel-macos-arm64 | 0.9.4.4 | 73.00 | NOTE | |||
r-oldrel-macos-x86_64 | 0.9.4.4 | 122.00 | NOTE | |||
r-oldrel-windows-x86_64 | 0.9.4.4 | 19.00 | 156.00 | 175.00 | NOTE |
Version: 0.9.4.4
Check: package dependencies
Result: NOTE
Packages suggested but not available for checking:
'extraTrees', 'foba', 'nodeHarvest', 'obliqueRF', 'penalizedLDA',
'relaxo', 'rrlda'
Flavors: r-devel-linux-x86_64-debian-clang, r-devel-linux-x86_64-debian-gcc, r-patched-linux-x86_64, r-release-linux-x86_64
Version: 0.9.4.4
Check: package dependencies
Result: NOTE
Packages suggested but not available for checking:
'extraTrees', 'foba', 'nodeHarvest', 'obliqueRF', 'penalizedLDA',
'relaxo', 'rrlda'
Suggests orphaned package: ‘pamr’
Flavors: r-devel-linux-x86_64-fedora-clang, r-devel-linux-x86_64-fedora-gcc
Version: 0.9.4.4
Check: package dependencies
Result: NOTE
Packages suggested but not available for checking:
'extraTrees', 'foba', 'nodeHarvest', 'obliqueRF', 'relaxo', 'rrlda'
Flavors: r-devel-windows-x86_64, r-release-macos-arm64, r-release-macos-x86_64, r-release-windows-x86_64, r-oldrel-macos-arm64, r-oldrel-macos-x86_64, r-oldrel-windows-x86_64