Last updated on 2024-07-01 03:49:02 CEST.
Flavor | Version | Tinstall | Tcheck | Ttotal | Status | Flags |
---|---|---|---|---|---|---|
r-devel-linux-x86_64-debian-clang | 0.4.5 | 9.68 | 83.66 | 93.34 | OK | |
r-devel-linux-x86_64-debian-gcc | 0.4.5 | 6.44 | 62.35 | 68.79 | OK | |
r-devel-linux-x86_64-fedora-clang | 0.4.5 | 119.73 | NOTE | |||
r-devel-linux-x86_64-fedora-gcc | 0.4.5 | 112.89 | OK | |||
r-devel-windows-x86_64 | 0.4.5 | 10.00 | 87.00 | 97.00 | OK | |
r-patched-linux-x86_64 | 0.4.5 | 9.50 | 77.76 | 87.26 | OK | |
r-release-linux-x86_64 | 0.4.5 | 8.02 | 79.20 | 87.22 | OK | |
r-release-macos-arm64 | 0.4.5 | 32.00 | OK | |||
r-release-macos-x86_64 | 0.4.5 | 53.00 | OK | |||
r-release-windows-x86_64 | 0.4.5 | 8.00 | 88.00 | 96.00 | OK | |
r-oldrel-macos-arm64 | 0.4.5 | 36.00 | OK | |||
r-oldrel-macos-x86_64 | 0.4.5 | 57.00 | OK | |||
r-oldrel-windows-x86_64 | 0.4.5 | 10.00 | 99.00 | 109.00 | OK |
Version: 0.4.5
Check: Rd cross-references
Result: NOTE
Undeclared package ‘chillR’ in Rd xrefs
Flavor: r-devel-linux-x86_64-fedora-clang