Last updated on 2024-07-01 03:49:02 CEST.
Flavor | Version | Tinstall | Tcheck | Ttotal | Status | Flags |
---|---|---|---|---|---|---|
r-devel-linux-x86_64-debian-clang | 0.2.1 | 392.51 | 58.86 | 451.37 | OK | |
r-devel-linux-x86_64-debian-gcc | 0.2.1 | 284.07 | 50.52 | 334.59 | OK | |
r-devel-linux-x86_64-fedora-clang | 0.2.1 | 559.88 | NOTE | |||
r-devel-linux-x86_64-fedora-gcc | 0.2.1 | 772.19 | OK | |||
r-devel-windows-x86_64 | 0.2.1 | 236.00 | 118.00 | 354.00 | OK | |
r-patched-linux-x86_64 | 0.2.1 | 319.49 | 64.75 | 384.24 | OK | |
r-release-linux-x86_64 | 0.2.1 | 332.55 | 63.92 | 396.47 | OK | |
r-release-macos-arm64 | 0.2.1 | 123.00 | NOTE | |||
r-release-macos-x86_64 | 0.2.1 | 152.00 | NOTE | |||
r-release-windows-x86_64 | 0.2.1 | 238.00 | 117.00 | 355.00 | OK | |
r-oldrel-macos-arm64 | 0.2.1 | 162.00 | NOTE | |||
r-oldrel-macos-x86_64 | 0.2.1 | 278.00 | NOTE | |||
r-oldrel-windows-x86_64 | 0.2.1 | 230.00 | 127.00 | 357.00 | OK |
Version: 0.2.1
Check: installed package size
Result: NOTE
installed size is 8.0Mb
sub-directories of 1Mb or more:
libs 7.5Mb
Flavors: r-devel-linux-x86_64-fedora-clang, r-release-macos-arm64, r-release-macos-x86_64, r-oldrel-macos-arm64, r-oldrel-macos-x86_64