Last updated on 2024-07-01 03:49:02 CEST.
Flavor | Version | Tinstall | Tcheck | Ttotal | Status | Flags |
---|---|---|---|---|---|---|
r-devel-linux-x86_64-debian-clang | 1.0.0 | 7.16 | 48.02 | 55.18 | OK | |
r-devel-linux-x86_64-debian-gcc | 1.0.0 | 4.45 | 36.95 | 41.40 | OK | |
r-devel-linux-x86_64-fedora-clang | 1.0.0 | 69.86 | NOTE | |||
r-devel-linux-x86_64-fedora-gcc | 1.0.0 | 67.54 | NOTE | |||
r-devel-windows-x86_64 | 1.0.0 | 6.00 | 56.00 | 62.00 | OK | |
r-patched-linux-x86_64 | 1.0.0 | 6.37 | 45.93 | 52.30 | OK | |
r-release-linux-x86_64 | 1.0.0 | 3.81 | 46.46 | 50.27 | OK | |
r-release-macos-arm64 | 1.0.0 | 25.00 | OK | |||
r-release-macos-x86_64 | 1.0.0 | 38.00 | OK | |||
r-release-windows-x86_64 | 1.0.0 | 6.00 | 56.00 | 62.00 | OK | |
r-oldrel-macos-arm64 | 1.0.0 | 30.00 | OK | |||
r-oldrel-macos-x86_64 | 1.0.0 | 52.00 | OK | |||
r-oldrel-windows-x86_64 | 1.0.0 | 9.00 | 64.00 | 73.00 | OK |
Version: 1.0.0
Check: dependencies in R code
Result: NOTE
Namespaces in Imports field not imported from:
‘dplyr’ ‘forrel’ ‘pedtools’ ‘plotly’
All declared Imports should be used.
Flavors: r-devel-linux-x86_64-fedora-clang, r-devel-linux-x86_64-fedora-gcc