Last updated on 2024-07-01 03:49:02 CEST.
Flavor | Version | Tinstall | Tcheck | Ttotal | Status | Flags |
---|---|---|---|---|---|---|
r-devel-linux-x86_64-debian-clang | 0.9.0 | 12.70 | 540.82 | 553.52 | OK | |
r-devel-linux-x86_64-debian-gcc | 0.9.0 | 9.12 | 448.07 | 457.19 | OK | |
r-devel-linux-x86_64-fedora-clang | 0.9.0 | 733.62 | NOTE | |||
r-devel-linux-x86_64-fedora-gcc | 0.9.0 | 671.80 | NOTE | |||
r-devel-windows-x86_64 | 0.9.0 | 14.00 | 314.00 | 328.00 | OK | |
r-patched-linux-x86_64 | 0.9.0 | 11.62 | 536.07 | 547.69 | OK | |
r-release-linux-x86_64 | 0.9.0 | 8.28 | 521.70 | 529.98 | OK | |
r-release-macos-arm64 | 0.9.0 | 212.00 | OK | |||
r-release-macos-x86_64 | 0.9.0 | 387.00 | OK | |||
r-release-windows-x86_64 | 0.9.0 | 13.00 | 313.00 | 326.00 | OK | |
r-oldrel-macos-arm64 | 0.9.0 | 221.00 | OK | |||
r-oldrel-macos-x86_64 | 0.9.0 | 346.00 | OK | |||
r-oldrel-windows-x86_64 | 0.9.0 | 17.00 | 382.00 | 399.00 | OK |
Version: 0.9.0
Check: dependencies in R code
Result: NOTE
Namespace in Imports field not imported from: ‘dtplyr’
All declared Imports should be used.
Flavors: r-devel-linux-x86_64-fedora-clang, r-devel-linux-x86_64-fedora-gcc