Last updated on 2024-07-01 03:49:02 CEST.
Flavor | Version | Tinstall | Tcheck | Ttotal | Status | Flags |
---|---|---|---|---|---|---|
r-devel-linux-x86_64-debian-clang | 0.2.0 | 38.74 | 220.57 | 259.31 | OK | |
r-devel-linux-x86_64-debian-gcc | 0.2.0 | 35.50 | 160.31 | 195.81 | OK | |
r-devel-linux-x86_64-fedora-clang | 0.2.0 | 342.88 | NOTE | |||
r-devel-linux-x86_64-fedora-gcc | 0.2.0 | 317.69 | NOTE | |||
r-devel-windows-x86_64 | 0.2.0 | 29.00 | 151.00 | 180.00 | OK | |
r-patched-linux-x86_64 | 0.2.0 | 28.80 | 208.78 | 237.58 | OK | |
r-release-linux-x86_64 | 0.2.0 | 30.10 | 212.63 | 242.73 | OK | |
r-release-macos-arm64 | 0.2.0 | 82.00 | OK | |||
r-release-macos-x86_64 | 0.2.0 | 120.00 | OK | |||
r-release-windows-x86_64 | 0.2.0 | 29.00 | 154.00 | 183.00 | OK | |
r-oldrel-macos-arm64 | 0.2.0 | 79.00 | OK | |||
r-oldrel-macos-x86_64 | 0.2.0 | 195.00 | OK | |||
r-oldrel-windows-x86_64 | 0.2.0 | 37.00 | 188.00 | 225.00 | OK |
Version: 0.2.0
Check: dependencies in R code
Result: NOTE
Namespace in Imports field not imported from: ‘tidyverse’
All declared Imports should be used.
Flavors: r-devel-linux-x86_64-fedora-clang, r-devel-linux-x86_64-fedora-gcc