Last updated on 2024-07-01 03:49:02 CEST.
Flavor | Version | Tinstall | Tcheck | Ttotal | Status | Flags |
---|---|---|---|---|---|---|
r-devel-linux-x86_64-debian-clang | 0.3.4 | 43.39 | 70.78 | 114.17 | OK | |
r-devel-linux-x86_64-debian-gcc | 0.3.4 | 36.03 | 54.45 | 90.48 | OK | |
r-devel-linux-x86_64-fedora-clang | 0.3.4 | 156.84 | NOTE | |||
r-devel-linux-x86_64-fedora-gcc | 0.3.4 | 144.52 | OK | |||
r-devel-windows-x86_64 | 0.3.4 | 44.00 | 73.00 | 117.00 | NOTE | |
r-patched-linux-x86_64 | 0.3.4 | 41.50 | 66.30 | 107.80 | OK | |
r-release-linux-x86_64 | 0.3.4 | 38.38 | 67.36 | 105.74 | OK | |
r-release-macos-arm64 | 0.3.4 | 56.00 | NOTE | |||
r-release-macos-x86_64 | 0.3.4 | 77.00 | NOTE | |||
r-release-windows-x86_64 | 0.3.4 | 42.00 | 72.00 | 114.00 | NOTE | |
r-oldrel-macos-arm64 | 0.3.4 | 66.00 | NOTE | |||
r-oldrel-macos-x86_64 | 0.3.4 | 85.00 | NOTE | |||
r-oldrel-windows-x86_64 | 0.3.4 | 49.00 | 83.00 | 132.00 | NOTE |
Version: 0.3.4
Check: installed package size
Result: NOTE
installed size is 7.2Mb
sub-directories of 1Mb or more:
R 7.0Mb
Flavors: r-devel-linux-x86_64-fedora-clang, r-devel-windows-x86_64, r-release-macos-arm64, r-release-macos-x86_64, r-release-windows-x86_64, r-oldrel-macos-arm64, r-oldrel-macos-x86_64, r-oldrel-windows-x86_64