Last updated on 2024-07-01 03:49:02 CEST.
Flavor | Version | Tinstall | Tcheck | Ttotal | Status | Flags |
---|---|---|---|---|---|---|
r-devel-linux-x86_64-debian-clang | 0.1.6 | 5.87 | 49.40 | 55.27 | NOTE | |
r-devel-linux-x86_64-debian-gcc | 0.1.6 | 4.18 | 36.92 | 41.10 | NOTE | |
r-devel-linux-x86_64-fedora-clang | 0.1.6 | 74.24 | NOTE | |||
r-devel-linux-x86_64-fedora-gcc | 0.1.6 | 77.17 | NOTE | |||
r-devel-windows-x86_64 | 0.1.6 | 6.00 | 58.00 | 64.00 | NOTE | |
r-patched-linux-x86_64 | 0.1.6 | 4.13 | 46.00 | 50.13 | NOTE | |
r-release-linux-x86_64 | 0.1.6 | 3.21 | 46.76 | 49.97 | NOTE | |
r-release-macos-arm64 | 0.1.6 | 27.00 | NOTE | |||
r-release-macos-x86_64 | 0.1.6 | 43.00 | NOTE | |||
r-release-windows-x86_64 | 0.1.6 | 6.00 | 58.00 | 64.00 | NOTE | |
r-oldrel-macos-arm64 | 0.1.6 | 32.00 | NOTE | |||
r-oldrel-macos-x86_64 | 0.1.6 | 43.00 | NOTE | |||
r-oldrel-windows-x86_64 | 0.1.6 | 7.00 | 62.00 | 69.00 | NOTE |
Version: 0.1.6
Check: LazyData
Result: NOTE
'LazyData' is specified without a 'data' directory
Flavors: r-devel-linux-x86_64-debian-clang, r-devel-linux-x86_64-debian-gcc, r-devel-linux-x86_64-fedora-clang, r-devel-linux-x86_64-fedora-gcc, r-devel-windows-x86_64, r-patched-linux-x86_64, r-release-linux-x86_64, r-release-macos-arm64, r-release-macos-x86_64, r-release-windows-x86_64, r-oldrel-macos-arm64, r-oldrel-macos-x86_64, r-oldrel-windows-x86_64