Last updated on 2024-07-01 03:49:02 CEST.
Flavor | Version | Tinstall | Tcheck | Ttotal | Status | Flags |
---|---|---|---|---|---|---|
r-devel-linux-x86_64-debian-clang | 1.0.2 | 50.11 | 87.52 | 137.63 | NOTE | |
r-devel-linux-x86_64-debian-gcc | 1.0.2 | 58.57 | 64.97 | 123.54 | NOTE | |
r-devel-linux-x86_64-fedora-clang | 1.0.2 | 191.08 | NOTE | |||
r-devel-linux-x86_64-fedora-gcc | 1.0.2 | 173.09 | NOTE | |||
r-devel-windows-x86_64 | 1.0.2 | 56.00 | 87.00 | 143.00 | NOTE | |
r-patched-linux-x86_64 | 1.0.2 | 41.44 | 82.01 | 123.45 | NOTE | |
r-release-linux-x86_64 | 1.0.2 | 38.92 | 81.78 | 120.70 | NOTE | |
r-release-macos-arm64 | 1.0.2 | 62.00 | NOTE | |||
r-release-macos-x86_64 | 1.0.2 | 143.00 | NOTE | |||
r-release-windows-x86_64 | 1.0.2 | 54.00 | 86.00 | 140.00 | NOTE | |
r-oldrel-macos-arm64 | 1.0.2 | 74.00 | NOTE | |||
r-oldrel-macos-x86_64 | 1.0.2 | 154.00 | NOTE | |||
r-oldrel-windows-x86_64 | 1.0.2 | 48.00 | 97.00 | 145.00 | NOTE |
Version: 1.0.2
Check: package dependencies
Result: NOTE
Package suggested but not available for checking: ‘gridlayout’
Flavors: r-devel-linux-x86_64-debian-clang, r-devel-linux-x86_64-debian-gcc, r-devel-linux-x86_64-fedora-clang, r-devel-linux-x86_64-fedora-gcc, r-devel-windows-x86_64, r-patched-linux-x86_64, r-release-linux-x86_64, r-release-macos-arm64, r-release-macos-x86_64, r-release-windows-x86_64, r-oldrel-macos-arm64, r-oldrel-macos-x86_64, r-oldrel-windows-x86_64
Version: 1.0.2
Check: installed package size
Result: NOTE
installed size is 5.5Mb
sub-directories of 1Mb or more:
data 5.3Mb
Flavors: r-devel-linux-x86_64-fedora-clang, r-devel-windows-x86_64, r-release-macos-arm64, r-release-macos-x86_64, r-release-windows-x86_64, r-oldrel-macos-arm64, r-oldrel-macos-x86_64, r-oldrel-windows-x86_64