Last updated on 2024-07-01 03:49:02 CEST.
Flavor | Version | Tinstall | Tcheck | Ttotal | Status | Flags |
---|---|---|---|---|---|---|
r-devel-linux-x86_64-debian-clang | 1.1 | 51.90 | 181.39 | 233.29 | OK | |
r-devel-linux-x86_64-debian-gcc | 1.1 | 31.55 | 132.41 | 163.96 | OK | |
r-devel-linux-x86_64-fedora-clang | 1.1 | 312.19 | NOTE | |||
r-devel-linux-x86_64-fedora-gcc | 1.1 | 285.82 | NOTE | |||
r-devel-windows-x86_64 | 1.1 | 38.00 | 195.00 | 233.00 | OK | |
r-patched-linux-x86_64 | 1.1 | 41.00 | 176.95 | 217.95 | OK | |
r-release-linux-x86_64 | 1.1 | 35.74 | 174.10 | 209.84 | OK | |
r-release-macos-arm64 | 1.1 | 112.00 | OK | |||
r-release-macos-x86_64 | 1.1 | 129.00 | OK | |||
r-release-windows-x86_64 | 1.1 | 38.00 | 141.00 | 179.00 | OK | |
r-oldrel-macos-arm64 | 1.1 | 84.00 | OK | |||
r-oldrel-macos-x86_64 | 1.1 | 129.00 | OK | |||
r-oldrel-windows-x86_64 | 1.1 | 46.00 | 174.00 | 220.00 | OK |
Version: 1.1
Check: dependencies in R code
Result: NOTE
Namespace in Imports field not imported from: ‘RcppProgress’
All declared Imports should be used.
Flavors: r-devel-linux-x86_64-fedora-clang, r-devel-linux-x86_64-fedora-gcc