Last updated on 2024-07-01 03:49:02 CEST.
Flavor | Version | Tinstall | Tcheck | Ttotal | Status | Flags |
---|---|---|---|---|---|---|
r-devel-linux-x86_64-debian-clang | 0.2.1 | 2.17 | 24.06 | 26.23 | NOTE | |
r-devel-linux-x86_64-debian-gcc | 0.2.1 | 2.05 | 18.56 | 20.61 | NOTE | |
r-devel-linux-x86_64-fedora-clang | 0.2.1 | 34.84 | NOTE | |||
r-devel-linux-x86_64-fedora-gcc | 0.2.1 | 31.41 | NOTE | |||
r-devel-windows-x86_64 | 0.2.1 | 3.00 | 40.00 | 43.00 | NOTE | |
r-patched-linux-x86_64 | 0.2.1 | 2.49 | 22.74 | 25.23 | NOTE | |
r-release-linux-x86_64 | 0.2.1 | 2.19 | 23.12 | 25.31 | NOTE | |
r-release-macos-arm64 | 0.2.1 | 14.00 | NOTE | |||
r-release-macos-x86_64 | 0.2.1 | 21.00 | NOTE | |||
r-release-windows-x86_64 | 0.2.1 | 4.00 | 40.00 | 44.00 | NOTE | |
r-oldrel-macos-arm64 | 0.2.1 | 16.00 | NOTE | |||
r-oldrel-macos-x86_64 | 0.2.1 | 20.00 | NOTE | |||
r-oldrel-windows-x86_64 | 0.2.1 | 4.00 | 41.00 | 45.00 | NOTE |
Version: 0.2.1
Check: LazyData
Result: NOTE
'LazyData' is specified without a 'data' directory
Flavors: r-devel-linux-x86_64-debian-clang, r-devel-linux-x86_64-debian-gcc, r-devel-linux-x86_64-fedora-clang, r-devel-linux-x86_64-fedora-gcc, r-devel-windows-x86_64, r-patched-linux-x86_64, r-release-linux-x86_64, r-release-macos-arm64, r-release-macos-x86_64, r-release-windows-x86_64, r-oldrel-macos-arm64, r-oldrel-macos-x86_64, r-oldrel-windows-x86_64