Last updated on 2024-07-01 03:49:02 CEST.
Flavor | Version | Tinstall | Tcheck | Ttotal | Status | Flags |
---|---|---|---|---|---|---|
r-devel-linux-x86_64-debian-clang | 1.0.0 | 13.35 | 216.92 | 230.27 | OK | |
r-devel-linux-x86_64-debian-gcc | 1.0.0 | 9.92 | 166.37 | 176.29 | OK | |
r-devel-linux-x86_64-fedora-clang | 1.0.0 | 308.85 | NOTE | |||
r-devel-linux-x86_64-fedora-gcc | 1.0.0 | 292.37 | NOTE | |||
r-devel-windows-x86_64 | 1.0.0 | 12.00 | 278.00 | 290.00 | OK | |
r-patched-linux-x86_64 | 1.0.0 | 12.11 | 211.11 | 223.22 | OK | |
r-release-linux-x86_64 | 1.0.0 | 10.48 | 209.81 | 220.29 | OK | |
r-release-macos-arm64 | 1.0.0 | 88.00 | OK | |||
r-release-macos-x86_64 | 1.0.0 | 174.00 | WARN | |||
r-release-windows-x86_64 | 1.0.0 | 13.00 | 276.00 | 289.00 | OK | |
r-oldrel-macos-arm64 | 1.0.0 | 103.00 | OK | |||
r-oldrel-macos-x86_64 | 1.0.0 | 152.00 | OK | |||
r-oldrel-windows-x86_64 | 1.0.0 | 14.00 | 286.00 | 300.00 | OK |
Version: 1.0.0
Check: dependencies in R code
Result: NOTE
Namespace in Imports field not imported from: ‘numDeriv’
All declared Imports should be used.
Flavors: r-devel-linux-x86_64-fedora-clang, r-devel-linux-x86_64-fedora-gcc
Version: 1.0.0
Check: re-building of vignette outputs
Result: WARN
Error(s) in re-building vignettes:
--- re-building ‘fic.Rnw’ using knitr
Error: processing vignette 'fic.Rnw' failed with diagnostics:
Running 'texi2dvi' on 'fic.tex' failed.
LaTeX errors:
! Undefined control sequence.
l.413 \hlkwd{library}\hldef
{(}\hlsng{"fic"}\hldef{)}
?
! Emergency stop.
! Emergency stop.
l.413
End of file on the terminal!
! ==> Fatal error occurred, no output PDF file produced!
--- failed re-building ‘fic.Rnw’
--- re-building ‘linear.Rnw’ using knitr
Error: processing vignette 'linear.Rnw' failed with diagnostics:
Running 'texi2dvi' on 'linear.tex' failed.
LaTeX errors:
! Undefined control sequence.
l.102 \hldef
{mtcars}\hlopt{$}\hldef{am} \hlkwb{<-} \hlkwd{factor}\hldef{(mtc...
?
! Emergency stop.
l.102
End of file on the terminal!
! ==> Fatal error occurred, no output PDF file produced!
--- failed re-building ‘linear.Rnw’
--- re-building ‘loss.Rnw’ using knitr
Error: processing vignette 'loss.Rnw' failed with diagnostics:
Running 'texi2dvi' on 'loss.tex' failed.
LaTeX errors:
! Undefined control sequence.
l.86 \hlkwd{library}\hldef
{(fic)}
?
! Emergency stop.
! Emergency stop.
l.86
End of file on the terminal!
! ==> Fatal error occurred, no output PDF file produced!
--- failed re-building ‘loss.Rnw’
--- re-building ‘multistate.Rnw’ using knitr
Error: processing vignette 'multistate.Rnw' failed with diagnostics:
Running 'texi2dvi' on 'multistate.tex' failed.
LaTeX errors:
! Undefined control sequence.
l.147 \hlkwa{if} \hldef
{(}\hlopt{!}\hlkwd{require}\hldef{(}\hlsng{"msm"}\hld...
?
! Emergency stop.
l.147
End of file on the terminal!
! ==> Fatal error occurred, no output PDF file produced!
--- failed re-building ‘multistate.Rnw’
--- re-building ‘skewnormal.Rnw’ using knitr
Error: processing vignette 'skewnormal.Rnw' failed with diagnostics:
Running 'texi2dvi' on 'skewnormal.tex' failed.
LaTeX errors:
! Undefined control sequence.
l.110 \hldef
{ldsnorm} \hlkwb{<-} \hlkwa{function}\hldef{(}\hlkwc{x}\hldef{,}...
?
! Emergency stop.
l.110
End of file on the terminal!
! ==> Fatal error occurred, no output PDF file produced!
--- failed re-building ‘skewnormal.Rnw’
--- re-building ‘survival.Rnw’ using knitr
Error: processing vignette 'survival.Rnw' failed with diagnostics:
Running 'texi2dvi' on 'survival.tex' failed.
LaTeX errors:
! Undefined control sequence.
l.97 \hlkwa{if} \hldef
{(}\hlopt{!}\hlkwd{require}\hldef{(}\hlsng{"flexsurv"}...
?
! Emergency stop.
l.97
End of file on the terminal!
! ==> Fatal error occurred, no output PDF file produced!
--- failed re-building ‘survival.Rnw’
SUMMARY: processing the following files failed:
‘fic.Rnw’ ‘linear.Rnw’ ‘loss.Rnw’ ‘multistate.Rnw’ ‘skewnormal.Rnw’
‘survival.Rnw’
Error: Vignette re-building failed.
Execution halted
Flavor: r-release-macos-x86_64