Last updated on 2024-07-01 03:49:02 CEST.
Flavor | Version | Tinstall | Tcheck | Ttotal | Status | Flags |
---|---|---|---|---|---|---|
r-devel-linux-x86_64-debian-clang | 1.0.3 | 3.40 | 31.26 | 34.66 | OK | |
r-devel-linux-x86_64-debian-gcc | 1.0.3 | 3.29 | 24.80 | 28.09 | OK | |
r-devel-linux-x86_64-fedora-clang | 1.0.3 | 47.72 | NOTE | |||
r-devel-linux-x86_64-fedora-gcc | 1.0.3 | 43.64 | NOTE | |||
r-devel-windows-x86_64 | 1.0.3 | 5.00 | 46.00 | 51.00 | OK | |
r-patched-linux-x86_64 | 1.0.3 | 4.31 | 29.79 | 34.10 | OK | |
r-release-linux-x86_64 | 1.0.3 | 3.92 | 30.45 | 34.37 | OK | |
r-release-macos-arm64 | 1.0.3 | 18.00 | OK | |||
r-release-macos-x86_64 | 1.0.3 | 28.00 | OK | |||
r-release-windows-x86_64 | 1.0.3 | 5.00 | 46.00 | 51.00 | OK | |
r-oldrel-macos-arm64 | 1.0.3 | 20.00 | OK | |||
r-oldrel-macos-x86_64 | 1.0.3 | 25.00 | OK | |||
r-oldrel-windows-x86_64 | 1.0.3 | 6.00 | 48.00 | 54.00 | OK |
Version: 1.0.3
Check: data for non-ASCII characters
Result: NOTE
Note: found 43825 marked UTF-8 strings
Flavors: r-devel-linux-x86_64-fedora-clang, r-devel-linux-x86_64-fedora-gcc