Last updated on 2024-07-01 03:49:02 CEST.
Flavor | Version | Tinstall | Tcheck | Ttotal | Status | Flags |
---|---|---|---|---|---|---|
r-devel-linux-x86_64-debian-clang | 0.1.4 | 7.67 | 62.27 | 69.94 | OK | |
r-devel-linux-x86_64-debian-gcc | 0.1.4 | 5.60 | 47.03 | 52.63 | OK | |
r-devel-linux-x86_64-fedora-clang | 0.1.4 | 95.18 | NOTE | |||
r-devel-linux-x86_64-fedora-gcc | 0.1.4 | 95.45 | NOTE | |||
r-devel-windows-x86_64 | 0.1.4 | 10.00 | 68.00 | 78.00 | OK | |
r-patched-linux-x86_64 | 0.1.4 | 7.69 | 58.60 | 66.29 | OK | |
r-release-linux-x86_64 | 0.1.4 | 4.38 | 58.21 | 62.59 | OK | |
r-release-macos-arm64 | 0.1.4 | 36.00 | OK | |||
r-release-macos-x86_64 | 0.1.4 | 58.00 | OK | |||
r-release-windows-x86_64 | 0.1.4 | 9.00 | 68.00 | 77.00 | OK | |
r-oldrel-macos-arm64 | 0.1.4 | 37.00 | OK | |||
r-oldrel-macos-x86_64 | 0.1.4 | 66.00 | OK | |||
r-oldrel-windows-x86_64 | 0.1.4 | 11.00 | 78.00 | 89.00 | OK |
Version: 0.1.4
Check: data for non-ASCII characters
Result: NOTE
Note: found 20 marked UTF-8 strings
Flavors: r-devel-linux-x86_64-fedora-clang, r-devel-linux-x86_64-fedora-gcc