Last updated on 2024-07-01 03:49:02 CEST.
Flavor | Version | Tinstall | Tcheck | Ttotal | Status | Flags |
---|---|---|---|---|---|---|
r-devel-linux-x86_64-debian-clang | 0.3.5 | 51.56 | 45.00 | 96.56 | NOTE | |
r-devel-linux-x86_64-debian-gcc | 0.3.5 | 37.71 | 34.43 | 72.14 | NOTE | |
r-devel-linux-x86_64-fedora-clang | 0.3.5 | 162.55 | NOTE | |||
r-devel-linux-x86_64-fedora-gcc | 0.3.5 | 145.22 | NOTE | |||
r-devel-windows-x86_64 | 0.3.5 | 49.00 | 72.00 | 121.00 | NOTE | |
r-patched-linux-x86_64 | 0.3.5 | 43.68 | 43.11 | 86.79 | NOTE | |
r-release-linux-x86_64 | 0.3.5 | 49.28 | 43.78 | 93.06 | NOTE | |
r-release-macos-arm64 | 0.3.5 | 37.00 | NOTE | |||
r-release-macos-x86_64 | 0.3.5 | 45.00 | NOTE | |||
r-release-windows-x86_64 | 0.3.5 | 47.00 | 75.00 | 122.00 | NOTE | |
r-oldrel-macos-arm64 | 0.3.5 | 43.00 | NOTE | |||
r-oldrel-macos-x86_64 | 0.3.5 | 65.00 | NOTE | |||
r-oldrel-windows-x86_64 | 0.3.5 | 60.00 | 87.00 | 147.00 | NOTE |
Version: 0.3.5
Check: C++ specification
Result: NOTE
Specified C++11: please drop specification unless essential
Flavors: r-devel-linux-x86_64-debian-clang, r-devel-linux-x86_64-debian-gcc, r-devel-linux-x86_64-fedora-clang, r-devel-linux-x86_64-fedora-gcc, r-devel-windows-x86_64, r-patched-linux-x86_64, r-release-linux-x86_64, r-release-macos-arm64, r-release-macos-x86_64, r-release-windows-x86_64, r-oldrel-macos-arm64, r-oldrel-macos-x86_64, r-oldrel-windows-x86_64
Version: 0.3.5
Check: LazyData
Result: NOTE
'LazyData' is specified without a 'data' directory
Flavors: r-devel-linux-x86_64-debian-clang, r-devel-linux-x86_64-debian-gcc, r-devel-linux-x86_64-fedora-clang, r-devel-linux-x86_64-fedora-gcc, r-devel-windows-x86_64, r-patched-linux-x86_64, r-release-linux-x86_64, r-release-macos-arm64, r-release-macos-x86_64, r-release-windows-x86_64, r-oldrel-macos-arm64, r-oldrel-macos-x86_64, r-oldrel-windows-x86_64