Last updated on 2024-07-01 03:49:02 CEST.
Flavor | Version | Tinstall | Tcheck | Ttotal | Status | Flags |
---|---|---|---|---|---|---|
r-devel-linux-x86_64-debian-clang | 2.4 | 5.62 | 59.28 | 64.90 | OK | |
r-devel-linux-x86_64-debian-gcc | 2.4 | 4.41 | 43.62 | 48.03 | OK | |
r-devel-linux-x86_64-fedora-clang | 2.4 | 87.11 | OK | |||
r-devel-linux-x86_64-fedora-gcc | 2.4 | 93.04 | OK | |||
r-devel-windows-x86_64 | 2.4 | 7.00 | 64.00 | 71.00 | OK | |
r-patched-linux-x86_64 | 2.4 | 4.49 | 56.02 | 60.51 | OK | |
r-release-linux-x86_64 | 2.4 | 5.21 | 55.98 | 61.19 | OK | |
r-release-macos-arm64 | 2.4 | 33.00 | OK | |||
r-release-macos-x86_64 | 2.4 | 66.00 | OK | |||
r-release-windows-x86_64 | 2.4 | 7.00 | 62.00 | 69.00 | OK | |
r-oldrel-macos-arm64 | 2.4 | 37.00 | NOTE | |||
r-oldrel-macos-x86_64 | 2.4 | 48.00 | OK | |||
r-oldrel-windows-x86_64 | 2.4 | 8.00 | 68.00 | 76.00 | OK |
Version: 2.4
Check: package dependencies
Result: NOTE
Package suggested but not available for checking: ‘GEOquery’
Flavor: r-oldrel-macos-arm64