Last updated on 2024-07-01 03:49:02 CEST.
Flavor | Version | Tinstall | Tcheck | Ttotal | Status | Flags |
---|---|---|---|---|---|---|
r-devel-linux-x86_64-debian-clang | 0.9.9 | 19.65 | 209.03 | 228.68 | OK | |
r-devel-linux-x86_64-debian-gcc | 0.9.9 | 17.93 | 152.36 | 170.29 | OK | |
r-devel-linux-x86_64-fedora-clang | 0.9.9 | 288.61 | NOTE | |||
r-devel-linux-x86_64-fedora-gcc | 0.9.9 | 271.11 | NOTE | |||
r-devel-windows-x86_64 | 0.9.9 | 23.00 | 201.00 | 224.00 | OK | |
r-patched-linux-x86_64 | 0.9.9 | 15.21 | 200.41 | 215.62 | OK | |
r-release-linux-x86_64 | 0.9.9 | 14.23 | 199.36 | 213.59 | OK | |
r-release-macos-arm64 | 0.9.9 | 73.00 | OK | |||
r-release-macos-x86_64 | 0.9.9 | 118.00 | OK | |||
r-release-windows-x86_64 | 0.9.9 | 21.00 | 206.00 | 227.00 | OK | |
r-oldrel-macos-arm64 | 0.9.9 | 79.00 | OK | |||
r-oldrel-macos-x86_64 | 0.9.9 | 156.00 | OK | |||
r-oldrel-windows-x86_64 | 0.9.9 | 28.00 | 260.00 | 288.00 | OK |
Version: 0.9.9
Check: data for non-ASCII characters
Result: NOTE
Note: found 3 marked Latin-1 strings
Note: found 3 marked UTF-8 strings
Flavors: r-devel-linux-x86_64-fedora-clang, r-devel-linux-x86_64-fedora-gcc