Last updated on 2024-07-01 03:49:02 CEST.
Flavor | Version | Tinstall | Tcheck | Ttotal | Status | Flags |
---|---|---|---|---|---|---|
r-devel-linux-x86_64-debian-clang | 1.0-1 | 250.93 | 193.43 | 444.36 | OK | |
r-devel-linux-x86_64-debian-gcc | 1.0-1 | 156.94 | 143.49 | 300.43 | OK | |
r-devel-linux-x86_64-fedora-clang | 1.0-1 | 664.31 | OK | |||
r-devel-linux-x86_64-fedora-gcc | 1.0-1 | 651.09 | OK | |||
r-devel-windows-x86_64 | 1.0-1 | 169.00 | 197.00 | 366.00 | OK | |
r-patched-linux-x86_64 | 0.5-2 | 29.87 | 114.41 | 144.28 | NOTE | |
r-release-linux-x86_64 | 1.0-1 | 188.55 | 182.84 | 371.39 | OK | |
r-release-macos-arm64 | 1.0-1 | 171.00 | NOTE | |||
r-release-macos-x86_64 | 1.0-1 | 291.00 | NOTE | |||
r-release-windows-x86_64 | 1.0-1 | 179.00 | 179.00 | 358.00 | OK | |
r-oldrel-macos-arm64 | 1.0-1 | 158.00 | ERROR | |||
r-oldrel-macos-x86_64 | 1.0-1 | 306.00 | ERROR | |||
r-oldrel-windows-x86_64 | 1.0-1 | 222.00 | 227.00 | 449.00 | OK |
Version: 0.5-2
Check: C++ specification
Result: NOTE
Specified C++11: please drop specification unless essential
Flavor: r-patched-linux-x86_64
Version: 1.0-1
Check: installed package size
Result: NOTE
installed size is 11.7Mb
sub-directories of 1Mb or more:
doc 1.4Mb
libs 9.5Mb
Flavors: r-release-macos-arm64, r-release-macos-x86_64, r-oldrel-macos-arm64, r-oldrel-macos-x86_64
Version: 1.0-1
Check: running R code from vignettes
Result: ERROR
Errors in running code in vignettes:
when running code in ‘benchmark.Rmd’
...
> ggplot(fit_mbm, aes(x = factor(Algorithm, levels = Names),
+ y = BmTime)) + geom_violin(trim = TRUE, alpha = 0.5, aes(color = factor(Algorithm, .... [TRUNCATED]
When sourcing ‘benchmark.R’:
Error: Problem while setting up geom aesthetics.
ℹ Error occurred in the 3rd layer.
Caused by error in `check_aesthetics()`:
! Aesthetics must be either length 1 or the same as the data (14).
✖ Fix the following mappings: `colour`.
Execution halted
‘benchmark.Rmd’ using ‘UTF-8’... failed
‘example.Rmd’ using ‘UTF-8’... [3s/4s] OK
‘math.Rmd’ using ‘UTF-8’... [0s/0s] OK
‘pfddm.Rmd’ using ‘UTF-8’... [2s/3s] OK
‘validity.Rmd’ using ‘UTF-8’... [3s/4s] OK
Flavor: r-oldrel-macos-arm64
Version: 1.0-1
Check: running R code from vignettes
Result: ERROR
Errors in running code in vignettes:
when running code in ‘benchmark.Rmd’
...
> ggplot(fit_mbm, aes(x = factor(Algorithm, levels = Names),
+ y = BmTime)) + geom_violin(trim = TRUE, alpha = 0.5, aes(color = factor(Algorithm, .... [TRUNCATED]
When sourcing ‘benchmark.R’:
Error: Problem while setting up geom aesthetics.
ℹ Error occurred in the 3rd layer.
Caused by error in `check_aesthetics()`:
! Aesthetics must be either length 1 or the same as the data (14).
✖ Fix the following mappings: `colour`.
Execution halted
‘benchmark.Rmd’ using ‘UTF-8’... failed
‘example.Rmd’ using ‘UTF-8’... [6s/14s] OK
‘math.Rmd’ using ‘UTF-8’... [0s/1s] OK
‘pfddm.Rmd’ using ‘UTF-8’... [4s/10s] OK
‘validity.Rmd’ using ‘UTF-8’... [5s/11s] OK
Flavor: r-oldrel-macos-x86_64