Last updated on 2024-07-01 03:49:02 CEST.
Flavor | Version | Tinstall | Tcheck | Ttotal | Status | Flags |
---|---|---|---|---|---|---|
r-devel-linux-x86_64-debian-clang | 0.1.2 | 3.77 | 56.36 | 60.13 | NOTE | |
r-devel-linux-x86_64-debian-gcc | 0.1.2 | 3.02 | 40.69 | 43.71 | NOTE | |
r-devel-linux-x86_64-fedora-clang | 0.1.2 | 73.52 | NOTE | |||
r-devel-linux-x86_64-fedora-gcc | 0.1.2 | 70.96 | NOTE | |||
r-devel-windows-x86_64 | 0.1.2 | 5.00 | 63.00 | 68.00 | NOTE | |
r-patched-linux-x86_64 | 0.1.2 | 2.76 | 52.86 | 55.62 | NOTE | |
r-release-linux-x86_64 | 0.1.2 | 2.77 | 52.99 | 55.76 | NOTE | |
r-release-macos-arm64 | 0.1.2 | 23.00 | NOTE | |||
r-release-macos-x86_64 | 0.1.2 | 36.00 | NOTE | |||
r-release-windows-x86_64 | 0.1.2 | 5.00 | 61.00 | 66.00 | NOTE | |
r-oldrel-macos-arm64 | 0.1.2 | 25.00 | NOTE | |||
r-oldrel-macos-x86_64 | 0.1.2 | 59.00 | NOTE | |||
r-oldrel-windows-x86_64 | 0.1.2 | 6.00 | 74.00 | 80.00 | NOTE |
Version: 0.1.2
Check: dependencies in R code
Result: NOTE
Unexported object imported by a ':::' call: ‘fdapace:::interp2lin’
See the note in ?`:::` about the use of this operator.
Flavors: r-devel-linux-x86_64-debian-clang, r-devel-linux-x86_64-debian-gcc, r-devel-linux-x86_64-fedora-clang, r-devel-linux-x86_64-fedora-gcc, r-devel-windows-x86_64, r-patched-linux-x86_64, r-release-linux-x86_64, r-release-macos-arm64, r-release-macos-x86_64, r-release-windows-x86_64, r-oldrel-macos-arm64, r-oldrel-macos-x86_64, r-oldrel-windows-x86_64