Last updated on 2024-07-01 03:49:02 CEST.
Flavor | Version | Tinstall | Tcheck | Ttotal | Status | Flags |
---|---|---|---|---|---|---|
r-devel-linux-x86_64-debian-clang | 6.1.8 | 28.71 | 274.61 | 303.32 | OK | |
r-devel-linux-x86_64-debian-gcc | 6.1.8 | 23.31 | 203.81 | 227.12 | OK | |
r-devel-linux-x86_64-fedora-clang | 6.1.8 | 401.22 | NOTE | |||
r-devel-linux-x86_64-fedora-gcc | 6.1.8 | 390.74 | OK | |||
r-devel-windows-x86_64 | 6.1.8 | 31.00 | 242.00 | 273.00 | OK | |
r-patched-linux-x86_64 | 6.1.8 | 26.36 | 259.49 | 285.85 | OK | |
r-release-linux-x86_64 | 6.1.8 | 22.86 | 262.77 | 285.63 | OK | |
r-release-macos-arm64 | 6.1.8 | 100.00 | NOTE | |||
r-release-macos-x86_64 | 6.1.8 | 159.00 | NOTE | |||
r-release-windows-x86_64 | 6.1.8 | 30.00 | 241.00 | 271.00 | NOTE | |
r-oldrel-macos-arm64 | 6.1.8 | 86.00 | OK | |||
r-oldrel-macos-x86_64 | 6.1.8 | 221.00 | NOTE | |||
r-oldrel-windows-x86_64 | 6.1.8 | 40.00 | 292.00 | 332.00 | OK |
Version: 6.1.8
Check: installed package size
Result: NOTE
installed size is 5.1Mb
sub-directories of 1Mb or more:
doc 2.7Mb
Flavors: r-devel-linux-x86_64-fedora-clang, r-release-macos-arm64, r-release-macos-x86_64, r-release-windows-x86_64, r-oldrel-macos-x86_64