Last updated on 2024-07-01 03:49:02 CEST.
Flavor | Version | Tinstall | Tcheck | Ttotal | Status | Flags |
---|---|---|---|---|---|---|
r-devel-linux-x86_64-debian-clang | 0.1-103 | 87.09 | 259.22 | 346.31 | NOTE | |
r-devel-linux-x86_64-debian-gcc | 0.1-103 | 72.96 | 188.67 | 261.63 | NOTE | |
r-devel-linux-x86_64-fedora-clang | 0.1-103 | 474.35 | NOTE | |||
r-devel-linux-x86_64-fedora-gcc | 0.1-103 | 479.02 | NOTE | |||
r-devel-windows-x86_64 | 0.1-103 | 82.00 | 199.00 | 281.00 | NOTE | |
r-patched-linux-x86_64 | 0.1-103 | 79.98 | 248.39 | 328.37 | NOTE | |
r-release-linux-x86_64 | 0.1-103 | 80.67 | 246.31 | 326.98 | NOTE | |
r-release-macos-arm64 | 0.1-103 | 118.00 | NOTE | |||
r-release-macos-x86_64 | 0.1-103 | 173.00 | NOTE | |||
r-release-windows-x86_64 | 0.1-103 | 82.00 | 200.00 | 282.00 | NOTE | |
r-oldrel-macos-arm64 | 0.1-103 | 126.00 | NOTE | |||
r-oldrel-macos-x86_64 | 0.1-103 | 309.00 | NOTE | |||
r-oldrel-windows-x86_64 | 0.1-103 | 100.00 | 263.00 | 363.00 | NOTE |
Version: 0.1-103
Check: for GNU extensions in Makefiles
Result: NOTE
GNU make is a SystemRequirements.
Flavors: r-devel-linux-x86_64-debian-clang, r-devel-linux-x86_64-debian-gcc, r-devel-linux-x86_64-fedora-clang, r-devel-linux-x86_64-fedora-gcc, r-devel-windows-x86_64, r-patched-linux-x86_64, r-release-linux-x86_64, r-release-macos-arm64, r-release-macos-x86_64, r-release-windows-x86_64, r-oldrel-macos-arm64, r-oldrel-macos-x86_64, r-oldrel-windows-x86_64
Version: 0.1-103
Check: installed package size
Result: NOTE
installed size is 5.7Mb
sub-directories of 1Mb or more:
data 3.5Mb
doc 1.1Mb
libs 1.0Mb
Flavors: r-devel-windows-x86_64, r-release-macos-arm64, r-release-macos-x86_64, r-release-windows-x86_64, r-oldrel-macos-arm64, r-oldrel-macos-x86_64, r-oldrel-windows-x86_64