Last updated on 2024-07-01 03:49:02 CEST.
Flavor | Version | Tinstall | Tcheck | Ttotal | Status | Flags |
---|---|---|---|---|---|---|
r-devel-linux-x86_64-debian-clang | 0.6-163 | 176.97 | 237.93 | 414.90 | NOTE | |
r-devel-linux-x86_64-debian-gcc | 0.6-186 | 126.93 | 211.41 | 338.34 | NOTE | |
r-devel-linux-x86_64-fedora-clang | 0.6-186 | 686.63 | NOTE | |||
r-devel-linux-x86_64-fedora-gcc | 0.6-163 | 590.02 | NOTE | |||
r-devel-windows-x86_64 | 0.6-163 | 146.00 | 203.00 | 349.00 | NOTE | |
r-patched-linux-x86_64 | 0.6-163 | 149.55 | 231.20 | 380.75 | NOTE | |
r-release-linux-x86_64 | 0.6-186 | 113.59 | 288.59 | 402.18 | NOTE | |
r-release-macos-arm64 | 0.6-186 | 164.00 | NOTE | |||
r-release-macos-x86_64 | 0.6-186 | 330.00 | NOTE | |||
r-release-windows-x86_64 | 0.6-186 | 152.00 | 238.00 | 390.00 | NOTE | |
r-oldrel-macos-arm64 | 0.6-186 | 261.00 | ERROR | |||
r-oldrel-macos-x86_64 | 0.6-186 | 335.00 | NOTE | |||
r-oldrel-windows-x86_64 | 0.6-186 | 131.00 | 290.00 | 421.00 | NOTE |
Version: 0.6-163
Check: package dependencies
Result: NOTE
Package suggested but not available for checking: ‘NNLM’
Flavors: r-devel-linux-x86_64-debian-clang, r-devel-linux-x86_64-fedora-gcc, r-devel-windows-x86_64, r-patched-linux-x86_64
Version: 0.6-163
Check: for GNU extensions in Makefiles
Result: NOTE
GNU make is a SystemRequirements.
Flavors: r-devel-linux-x86_64-debian-clang, r-devel-linux-x86_64-fedora-gcc, r-devel-windows-x86_64, r-patched-linux-x86_64
Version: 0.6-186
Check: package dependencies
Result: NOTE
Package suggested but not available for checking: ‘NNLM’
Flavors: r-devel-linux-x86_64-debian-gcc, r-devel-linux-x86_64-fedora-clang, r-release-linux-x86_64, r-release-macos-arm64, r-release-macos-x86_64, r-release-windows-x86_64, r-oldrel-macos-arm64, r-oldrel-macos-x86_64, r-oldrel-windows-x86_64
Version: 0.6-186
Check: for GNU extensions in Makefiles
Result: NOTE
GNU make is a SystemRequirements.
Flavors: r-devel-linux-x86_64-debian-gcc, r-devel-linux-x86_64-fedora-clang, r-release-linux-x86_64, r-release-macos-arm64, r-release-macos-x86_64, r-release-windows-x86_64, r-oldrel-macos-arm64, r-oldrel-macos-x86_64, r-oldrel-windows-x86_64
Version: 0.6-186
Check: installed package size
Result: NOTE
installed size is 7.2Mb
sub-directories of 1Mb or more:
data 4.3Mb
doc 2.0Mb
Flavors: r-devel-linux-x86_64-fedora-clang, r-release-macos-arm64, r-release-macos-x86_64, r-release-windows-x86_64, r-oldrel-macos-arm64, r-oldrel-macos-x86_64, r-oldrel-windows-x86_64
Version: 0.6-163
Check: installed package size
Result: NOTE
installed size is 6.2Mb
sub-directories of 1Mb or more:
data 4.2Mb
libs 1.2Mb
Flavor: r-devel-windows-x86_64
Version: 0.6-186
Check: tests
Result: ERROR
Running ‘testthat.R’ [16s/28s]
Running the tests in ‘tests/testthat.R’ failed.
Last 13 lines of output:
2. │ └─base::withVisible(...elt(i))
3. └─fastTopics::umap_plot(fit1, fill = "loading", verbose = FALSE)
4. └─fastTopics::umap_from_topics(fit, dims = 2, ...)
5. └─uwot::umap(...)
6. └─uwot:::uwot(...)
7. └─uwot:::spectral_init(V, ndim = n_components, verbose = verbose)
8. └─uwot:::irlba_tsvd_normalized_laplacian_init(A, ndim, verbose = FALSE)
9. └─uwot:::irlba_spectral_tsvd(L, ndim + 1)
10. ├─base::suppressWarnings(...)
11. │ └─base::withCallingHandlers(...)
12. └─irlba::irlba(L, nv = n, nu = 0, maxit = iters)
[ FAIL 1 | WARN 3 | SKIP 7 | PASS 234 ]
Error: Test failures
Execution halted
Flavor: r-oldrel-macos-arm64