Last updated on 2024-07-01 03:49:02 CEST.
Flavor | Version | Tinstall | Tcheck | Ttotal | Status | Flags |
---|---|---|---|---|---|---|
r-devel-linux-x86_64-debian-clang | 1.2-4 | 3.70 | 24.61 | 28.31 | OK | |
r-devel-linux-x86_64-debian-gcc | 1.2-4 | 3.06 | 19.63 | 22.69 | OK | |
r-devel-linux-x86_64-fedora-clang | 1.2-4 | 37.58 | OK | |||
r-devel-linux-x86_64-fedora-gcc | 1.2-4 | 35.84 | OK | |||
r-devel-windows-x86_64 | 1.2-4 | 6.00 | 44.00 | 50.00 | WARN | |
r-patched-linux-x86_64 | 1.2-4 | 3.94 | 24.25 | 28.19 | OK | |
r-release-linux-x86_64 | 1.2-4 | 3.80 | 24.63 | 28.43 | OK | |
r-release-macos-arm64 | 1.2-4 | 18.00 | OK | |||
r-release-macos-x86_64 | 1.2-4 | 27.00 | OK | |||
r-release-windows-x86_64 | 1.2-4 | 6.00 | 43.00 | 49.00 | WARN | |
r-oldrel-macos-arm64 | 1.2-4 | 30.00 | OK | |||
r-oldrel-macos-x86_64 | 1.2-4 | 52.00 | OK | |||
r-oldrel-windows-x86_64 | 1.2-4 | 6.00 | 46.00 | 52.00 | OK |
Version: 1.2-4
Check: whether package can be installed
Result: WARN
Found the following significant warnings:
ica.c:100:25: warning: format '%lu' expects argument of type 'long unsigned int', but argument 2 has type 'size_t' {aka 'long long unsigned int'} [-Wformat=]
ica.c:100:31: warning: format '%lu' expects argument of type 'long unsigned int', but argument 3 has type 'size_t' {aka 'long long unsigned int'} [-Wformat=]
See 'd:/Rcompile/CRANpkg/local/4.5/fastICA.Rcheck/00install.out' for details.
* used C compiler: 'gcc.exe (GCC) 13.2.0'
Flavor: r-devel-windows-x86_64
Version: 1.2-4
Check: whether package can be installed
Result: WARN
Found the following significant warnings:
ica.c:100:25: warning: format '%lu' expects argument of type 'long unsigned int', but argument 2 has type 'size_t' {aka 'long long unsigned int'} [-Wformat=]
ica.c:100:31: warning: format '%lu' expects argument of type 'long unsigned int', but argument 3 has type 'size_t' {aka 'long long unsigned int'} [-Wformat=]
See 'd:/Rcompile/CRANpkg/local/4.4/fastICA.Rcheck/00install.out' for details.
* used C compiler: 'gcc.exe (GCC) 13.2.0'
Flavor: r-release-windows-x86_64