Last updated on 2024-07-01 03:49:02 CEST.
Flavor | Version | Tinstall | Tcheck | Ttotal | Status | Flags |
---|---|---|---|---|---|---|
r-devel-linux-x86_64-debian-clang | 1.1.0 | 115.11 | 103.49 | 218.60 | OK | |
r-devel-linux-x86_64-debian-gcc | 1.1.0 | 91.59 | 76.80 | 168.39 | OK | |
r-devel-linux-x86_64-fedora-clang | 1.1.0 | 327.12 | OK | |||
r-devel-linux-x86_64-fedora-gcc | 1.1.0 | 341.76 | OK | |||
r-devel-windows-x86_64 | 1.1.0 | 100.00 | 130.00 | 230.00 | OK | |
r-patched-linux-x86_64 | 1.1.0 | 113.39 | 101.01 | 214.40 | OK | |
r-release-linux-x86_64 | 1.1.0 | 101.22 | 100.65 | 201.87 | OK | |
r-release-macos-arm64 | 1.1.0 | 76.00 | NOTE | |||
r-release-macos-x86_64 | 1.1.0 | 92.00 | NOTE | |||
r-release-windows-x86_64 | 1.1.0 | 100.00 | 128.00 | 228.00 | OK | |
r-oldrel-macos-arm64 | 1.1.0 | 93.00 | NOTE | |||
r-oldrel-macos-x86_64 | 1.1.0 | 268.00 | NOTE | |||
r-oldrel-windows-x86_64 | 1.1.0 | 120.00 | 145.00 | 265.00 | OK |
Version: 1.1.0
Check: installed package size
Result: NOTE
installed size is 7.6Mb
sub-directories of 1Mb or more:
doc 2.5Mb
libs 4.7Mb
Flavors: r-release-macos-arm64, r-release-macos-x86_64, r-oldrel-macos-arm64, r-oldrel-macos-x86_64