Last updated on 2024-07-01 03:49:02 CEST.
Flavor | Version | Tinstall | Tcheck | Ttotal | Status | Flags |
---|---|---|---|---|---|---|
r-devel-linux-x86_64-debian-clang | 1.2.1 | 10.31 | 83.58 | 93.89 | OK | |
r-devel-linux-x86_64-debian-gcc | 1.2.1 | 8.41 | 63.76 | 72.17 | OK | |
r-devel-linux-x86_64-fedora-clang | 1.2.1 | 121.76 | NOTE | |||
r-devel-linux-x86_64-fedora-gcc | 1.2.1 | 110.48 | NOTE | |||
r-devel-windows-x86_64 | 1.2.1 | 12.00 | 80.00 | 92.00 | OK | |
r-patched-linux-x86_64 | 1.2.1 | 10.19 | 81.09 | 91.28 | OK | |
r-release-linux-x86_64 | 1.2.1 | 8.34 | 79.41 | 87.75 | OK | |
r-release-macos-arm64 | 1.2.1 | 35.00 | OK | |||
r-release-macos-x86_64 | 1.2.1 | 56.00 | OK | |||
r-release-windows-x86_64 | 1.2.1 | 12.00 | 79.00 | 91.00 | OK | |
r-oldrel-macos-arm64 | 1.2.1 | 40.00 | OK | |||
r-oldrel-macos-x86_64 | 1.2.1 | 64.00 | OK | |||
r-oldrel-windows-x86_64 | 1.2.1 | 15.00 | 97.00 | 112.00 | OK |
Version: 1.2.1
Check: compiled code
Result: NOTE
File ‘extremis/libs/extremis.so’:
Found no calls to: ‘R_registerRoutines’, ‘R_useDynamicSymbols’
It is good practice to register native routines and to disable symbol
search.
See ‘Writing portable packages’ in the ‘Writing R Extensions’ manual.
Flavors: r-devel-linux-x86_64-fedora-clang, r-devel-linux-x86_64-fedora-gcc