Last updated on 2024-07-01 03:49:01 CEST.
Flavor | Version | Tinstall | Tcheck | Ttotal | Status | Flags |
---|---|---|---|---|---|---|
r-devel-linux-x86_64-debian-clang | 1.10.0 | 539.78 | 96.85 | 636.63 | OK | |
r-devel-linux-x86_64-debian-gcc | 1.10.0 | 335.61 | 73.86 | 409.47 | OK | |
r-devel-linux-x86_64-fedora-clang | 1.10.0 | 979.10 | OK | |||
r-devel-linux-x86_64-fedora-gcc | 1.10.0 | 959.48 | OK | |||
r-devel-windows-x86_64 | 1.10.0 | 371.00 | 127.00 | 498.00 | OK | |
r-patched-linux-x86_64 | 1.10.0 | 414.19 | 92.06 | 506.25 | OK | |
r-release-linux-x86_64 | 1.10.0 | 414.79 | 94.80 | 509.59 | OK | |
r-release-macos-arm64 | 1.10.0 | 144.00 | NOTE | |||
r-release-macos-x86_64 | 1.10.0 | 133.00 | NOTE | |||
r-release-windows-x86_64 | 1.10.0 | 389.00 | 126.00 | 515.00 | OK | |
r-oldrel-macos-arm64 | 1.10.0 | 171.00 | NOTE | |||
r-oldrel-macos-x86_64 | 1.10.0 | 193.00 | NOTE | |||
r-oldrel-windows-x86_64 | 1.10.0 | 381.00 | 157.00 | 538.00 | OK |
Version: 1.10.0
Check: installed package size
Result: NOTE
installed size is 12.1Mb
sub-directories of 1Mb or more:
libs 11.4Mb
Flavors: r-release-macos-arm64, r-release-macos-x86_64, r-oldrel-macos-arm64, r-oldrel-macos-x86_64