Last updated on 2024-07-01 03:49:01 CEST.
Flavor | Version | Tinstall | Tcheck | Ttotal | Status | Flags |
---|---|---|---|---|---|---|
r-devel-linux-x86_64-debian-clang | 0.1.0 | 5.89 | 38.94 | 44.83 | OK | |
r-devel-linux-x86_64-debian-gcc | 0.1.0 | 4.23 | 29.47 | 33.70 | OK | |
r-devel-linux-x86_64-fedora-clang | 0.1.0 | 57.28 | NOTE | |||
r-devel-linux-x86_64-fedora-gcc | 0.1.0 | 51.93 | NOTE | |||
r-devel-windows-x86_64 | 0.1.0 | 6.00 | 49.00 | 55.00 | OK | |
r-patched-linux-x86_64 | 0.1.0 | 5.31 | 37.05 | 42.36 | OK | |
r-release-linux-x86_64 | 0.1.0 | 5.61 | 35.69 | 41.30 | OK | |
r-release-macos-arm64 | 0.1.0 | 22.00 | OK | |||
r-release-macos-x86_64 | 0.1.0 | 30.00 | OK | |||
r-release-windows-x86_64 | 0.1.0 | 6.00 | 50.00 | 56.00 | OK | |
r-oldrel-macos-arm64 | 0.1.0 | 23.00 | OK | |||
r-oldrel-macos-x86_64 | 0.1.0 | 33.00 | OK | |||
r-oldrel-windows-x86_64 | 0.1.0 | 8.00 | 55.00 | 63.00 | OK |
Version: 0.1.0
Check: data for non-ASCII characters
Result: NOTE
Note: found 1350 marked UTF-8 strings
Flavors: r-devel-linux-x86_64-fedora-clang, r-devel-linux-x86_64-fedora-gcc