Last updated on 2024-07-01 03:49:01 CEST.
Flavor | Version | Tinstall | Tcheck | Ttotal | Status | Flags |
---|---|---|---|---|---|---|
r-devel-linux-x86_64-debian-clang | 0.1.0 | 16.51 | 433.43 | 449.94 | NOTE | |
r-devel-linux-x86_64-debian-gcc | 0.1.0 | 9.58 | 321.11 | 330.69 | NOTE | |
r-devel-linux-x86_64-fedora-clang | 0.1.0 | 535.99 | NOTE | |||
r-devel-linux-x86_64-fedora-gcc | 0.1.0 | 559.83 | NOTE | |||
r-devel-windows-x86_64 | 0.1.0 | 13.00 | 305.00 | 318.00 | NOTE | |
r-patched-linux-x86_64 | 0.1.0 | 9.15 | 439.07 | 448.22 | NOTE | |
r-release-linux-x86_64 | 0.1.0 | 8.79 | 431.33 | 440.12 | NOTE | |
r-release-macos-arm64 | 0.1.0 | 170.00 | NOTE | |||
r-release-macos-x86_64 | 0.1.0 | 297.00 | NOTE | |||
r-release-windows-x86_64 | 0.1.0 | 12.00 | 310.00 | 322.00 | NOTE | |
r-oldrel-macos-arm64 | 0.1.0 | 194.00 | OK | |||
r-oldrel-macos-x86_64 | 0.1.0 | 316.00 | NOTE | |||
r-oldrel-windows-x86_64 | 0.1.0 | 19.00 | 406.00 | 425.00 | OK |
Version: 0.1.0
Check: Rd files
Result: NOTE
checkRd: (-1) data_cls.Rd:24: Lost braces
24 | \item Graphs: Erd\"{o}s-R\'{e}nyi graphs with connection probability 0.10 for
| ^
checkRd: (-1) data_cls.Rd:24: Lost braces
24 | \item Graphs: Erd\"{o}s-R\'{e}nyi graphs with connection probability 0.10 for
| ^
checkRd: (-1) data_reg.Rd:21: Lost braces
21 | \item Graphs: Erd\"{o}s-R\'{e}nyi graphs with connection probability given by
| ^
checkRd: (-1) data_reg.Rd:21: Lost braces
21 | \item Graphs: Erd\"{o}s-R\'{e}nyi graphs with connection probability given by
| ^
Flavors: r-devel-linux-x86_64-debian-clang, r-devel-linux-x86_64-debian-gcc, r-devel-linux-x86_64-fedora-clang, r-devel-linux-x86_64-fedora-gcc, r-devel-windows-x86_64, r-patched-linux-x86_64, r-release-linux-x86_64, r-release-macos-arm64, r-release-macos-x86_64, r-release-windows-x86_64
Version: 0.1.0
Check: installed package size
Result: NOTE
installed size is 5.5Mb
sub-directories of 1Mb or more:
data 4.8Mb
Flavors: r-release-macos-arm64, r-release-macos-x86_64, r-oldrel-macos-x86_64