Last updated on 2024-07-01 03:49:01 CEST.
Flavor | Version | Tinstall | Tcheck | Ttotal | Status | Flags |
---|---|---|---|---|---|---|
r-devel-linux-x86_64-debian-clang | 1.7.2 | 209.91 | 477.68 | 687.59 | OK | |
r-devel-linux-x86_64-debian-gcc | 1.7.2 | 126.53 | 337.29 | 463.82 | OK | |
r-devel-linux-x86_64-fedora-clang | 1.7.2 | 937.33 | OK | |||
r-devel-linux-x86_64-fedora-gcc | 1.7.2 | 885.76 | OK | |||
r-devel-windows-x86_64 | 1.7.2 | 136.00 | 334.00 | 470.00 | OK | |
r-patched-linux-x86_64 | 1.7.2 | 161.44 | 448.23 | 609.67 | OK | |
r-release-linux-x86_64 | 1.7.2 | 111.32 | 456.79 | 568.11 | OK | |
r-release-macos-arm64 | 1.7.2 | 355.00 | NOTE | |||
r-release-macos-x86_64 | 1.7.2 | 566.00 | OK | |||
r-release-windows-x86_64 | 1.7.2 | 144.00 | 328.00 | 472.00 | OK | |
r-oldrel-macos-arm64 | 1.7.2 | 186.00 | OK | |||
r-oldrel-macos-x86_64 | 1.7.2 | 409.00 | OK | |||
r-oldrel-windows-x86_64 | 1.7.2 | 177.00 | 395.00 | 572.00 | OK |
Version: 1.7.2
Check: installed package size
Result: NOTE
installed size is 5.0Mb
sub-directories of 1Mb or more:
R 2.1Mb
libs 2.4Mb
Flavor: r-release-macos-arm64