Last updated on 2024-07-01 03:49:01 CEST.
Flavor | Version | Tinstall | Tcheck | Ttotal | Status | Flags |
---|---|---|---|---|---|---|
r-devel-linux-x86_64-debian-clang | 1.0.0 | 5.48 | 75.95 | 81.43 | OK | |
r-devel-linux-x86_64-debian-gcc | 1.0.0 | 4.39 | 58.61 | 63.00 | OK | |
r-devel-linux-x86_64-fedora-clang | 1.0.0 | 105.28 | NOTE | |||
r-devel-linux-x86_64-fedora-gcc | 1.0.0 | 112.84 | NOTE | |||
r-devel-windows-x86_64 | 1.0.0 | 7.00 | 87.00 | 94.00 | OK | |
r-patched-linux-x86_64 | 1.0.0 | 7.17 | 73.39 | 80.56 | OK | |
r-release-linux-x86_64 | 1.0.0 | 5.24 | 74.43 | 79.67 | OK | |
r-release-macos-arm64 | 1.0.0 | 43.00 | OK | |||
r-release-macos-x86_64 | 1.0.0 | 64.00 | OK | |||
r-release-windows-x86_64 | 1.0.0 | 7.00 | 87.00 | 94.00 | OK | |
r-oldrel-macos-arm64 | 1.0.0 | 41.00 | OK | |||
r-oldrel-macos-x86_64 | 1.0.0 | 131.00 | OK | |||
r-oldrel-windows-x86_64 | 1.0.0 | 8.00 | 94.00 | 102.00 | OK |
Version: 1.0.0
Check: data for non-ASCII characters
Result: NOTE
Note: found 1 marked UTF-8 string
Flavors: r-devel-linux-x86_64-fedora-clang, r-devel-linux-x86_64-fedora-gcc