Last updated on 2024-07-01 03:49:01 CEST.
Flavor | Version | Tinstall | Tcheck | Ttotal | Status | Flags |
---|---|---|---|---|---|---|
r-devel-linux-x86_64-debian-clang | 1.1.2 | 35.96 | 127.00 | 162.96 | NOTE | |
r-devel-linux-x86_64-debian-gcc | 1.1.2 | 26.33 | 86.65 | 112.98 | NOTE | |
r-devel-linux-x86_64-fedora-clang | 1.1.2 | 215.27 | NOTE | |||
r-devel-linux-x86_64-fedora-gcc | 1.1.2 | 195.54 | NOTE | |||
r-devel-windows-x86_64 | 1.1.2 | 32.00 | 120.00 | 152.00 | NOTE | |
r-patched-linux-x86_64 | 1.1.2 | 34.55 | 115.57 | 150.12 | OK | |
r-release-linux-x86_64 | 1.1.2 | 34.19 | 117.70 | 151.89 | OK | |
r-release-macos-arm64 | 1.1.2 | 51.00 | OK | |||
r-release-macos-x86_64 | 1.1.2 | 77.00 | OK | |||
r-release-windows-x86_64 | 1.1.2 | 32.00 | 123.00 | 155.00 | OK | |
r-oldrel-macos-arm64 | 1.1.2 | 54.00 | OK | |||
r-oldrel-macos-x86_64 | 1.1.2 | 117.00 | OK | |||
r-oldrel-windows-x86_64 | 1.1.2 | 40.00 | 153.00 | 193.00 | OK |
Version: 1.1.2
Check: compiled code
Result: NOTE
File ‘epm/libs/epm.so’:
Found non-API call to R: ‘STRING_PTR’
Compiled code should not call non-API entry points in R.
See ‘Writing portable packages’ in the ‘Writing R Extensions’ manual.
See section ‘Moving into C API compliance’ in the ‘Writing R
Extensions’ manual for issues with use of non-API entry points.
Flavors: r-devel-linux-x86_64-debian-clang, r-devel-linux-x86_64-debian-gcc, r-devel-linux-x86_64-fedora-gcc
Version: 1.1.2
Check: compiled code
Result: NOTE
File ‘epm/libs/epm.so’:
Found non-API call to R: ‘STRING_PTR’
Compiled code should not call non-API entry points in R.
See ‘Writing portable packages’ in the ‘Writing R Extensions’ manual,
and section ‘Moving into C API compliance’ for issues with the use of
non-API entry points.
Flavor: r-devel-linux-x86_64-fedora-clang
Version: 1.1.2
Check: compiled code
Result: NOTE
File 'epm/libs/x64/epm.dll':
Found non-API call to R: 'STRING_PTR'
Compiled code should not call non-API entry points in R.
See 'Writing portable packages' in the 'Writing R Extensions' manual.
See section 'Moving into C API compliance' in the 'Writing R
Extensions' manual for issues with use of non-API entry points.
Flavor: r-devel-windows-x86_64