Last updated on 2024-07-01 03:49:01 CEST.
Flavor | Version | Tinstall | Tcheck | Ttotal | Status | Flags |
---|---|---|---|---|---|---|
r-devel-linux-x86_64-debian-clang | 0.96 | 40.63 | 275.71 | 316.34 | NOTE | |
r-devel-linux-x86_64-debian-gcc | 0.96 | 26.29 | 203.59 | 229.88 | NOTE | |
r-devel-linux-x86_64-fedora-clang | 0.96 | 403.68 | NOTE | |||
r-devel-linux-x86_64-fedora-gcc | 0.96 | 410.95 | NOTE | |||
r-devel-windows-x86_64 | 0.96 | 33.00 | 242.00 | 275.00 | NOTE | |
r-patched-linux-x86_64 | 0.96 | 33.84 | 264.06 | 297.90 | NOTE | |
r-release-linux-x86_64 | 0.96 | 24.02 | 273.67 | 297.69 | NOTE | |
r-release-macos-arm64 | 0.96 | 108.00 | NOTE | |||
r-release-macos-x86_64 | 0.96 | 182.00 | NOTE | |||
r-release-windows-x86_64 | 0.96 | 34.00 | 236.00 | 270.00 | NOTE | |
r-oldrel-macos-arm64 | 0.96 | 126.00 | OK | |||
r-oldrel-macos-x86_64 | 0.96 | 220.00 | OK | |||
r-oldrel-windows-x86_64 | 0.96 | 42.00 | 286.00 | 328.00 | OK |
Version: 0.96
Check: Rd files
Result: NOTE
checkRd: (-1) runSim.Rd:111: Lost braces
111 | \ifelse{html}{\out{<i>r</i><sub>1</sub> = 1}}{{\eqn{r_1 = 1}}{r_1 = 1}} while the individual with the lowest phenotypic value
| ^
checkRd: (-1) runSim.Rd:112: Lost braces
112 | is given the rank \ifelse{html}{\out{<i>r<sub>n</sub></i> = <i>n</i>}}{{\eqn{r_n = n}}{r_n = n}}), the probability of an individual
| ^
checkRd: (-1) runSim.Rd:120-122: Lost braces
120 | }{
| ^
Flavors: r-devel-linux-x86_64-debian-clang, r-devel-linux-x86_64-debian-gcc, r-devel-linux-x86_64-fedora-clang, r-devel-linux-x86_64-fedora-gcc, r-devel-windows-x86_64, r-patched-linux-x86_64, r-release-linux-x86_64, r-release-macos-arm64, r-release-macos-x86_64, r-release-windows-x86_64