Last updated on 2024-07-01 03:49:01 CEST.
Flavor | Version | Tinstall | Tcheck | Ttotal | Status | Flags |
---|---|---|---|---|---|---|
r-devel-linux-x86_64-debian-clang | 0.1.4 | 8.41 | 121.97 | 130.38 | OK | |
r-devel-linux-x86_64-debian-gcc | 0.1.4 | 8.57 | 90.45 | 99.02 | OK | |
r-devel-linux-x86_64-fedora-clang | 0.1.4 | 166.55 | NOTE | |||
r-devel-linux-x86_64-fedora-gcc | 0.1.4 | 154.45 | OK | |||
r-devel-windows-x86_64 | 0.1.4 | 12.00 | 145.00 | 157.00 | OK | |
r-patched-linux-x86_64 | 0.1.4 | 9.27 | 113.31 | 122.58 | OK | |
r-release-linux-x86_64 | 0.1.4 | 6.56 | 116.51 | 123.07 | OK | |
r-release-macos-arm64 | 0.1.4 | 63.00 | OK | |||
r-release-macos-x86_64 | 0.1.4 | 113.00 | OK | |||
r-release-windows-x86_64 | 0.1.4 | 11.00 | 145.00 | 156.00 | OK | |
r-oldrel-macos-arm64 | 0.1.4 | 58.00 | OK | |||
r-oldrel-macos-x86_64 | 0.1.4 | 159.00 | OK | |||
r-oldrel-windows-x86_64 | 0.1.4 | 13.00 | 169.00 | 182.00 | OK |
Version: 0.1.4
Check: package dependencies
Result: NOTE
Imports includes 21 non-default packages.
Importing from so many packages makes the package vulnerable to any of
them becoming unavailable. Move as many as possible to Suggests and
use conditionally.
Flavor: r-devel-linux-x86_64-fedora-clang