Last updated on 2024-07-01 03:49:01 CEST.
Flavor | Version | Tinstall | Tcheck | Ttotal | Status | Flags |
---|---|---|---|---|---|---|
r-devel-linux-x86_64-debian-clang | 1.1-28 | 43.49 | 337.32 | 380.81 | OK | |
r-devel-linux-x86_64-debian-gcc | 1.1-28 | 33.90 | 233.09 | 266.99 | OK | |
r-devel-linux-x86_64-fedora-clang | 1.1-28 | 487.66 | NOTE | |||
r-devel-linux-x86_64-fedora-gcc | 1.1-28 | 448.33 | NOTE | |||
r-devel-windows-x86_64 | 1.1-28 | 37.00 | 204.00 | 241.00 | OK | |
r-patched-linux-x86_64 | 1.1-28 | 36.46 | 306.76 | 343.22 | OK | |
r-release-linux-x86_64 | 1.1-28 | 40.83 | 302.00 | 342.83 | OK | |
r-release-macos-arm64 | 1.1-28 | 101.00 | OK | |||
r-release-macos-x86_64 | 1.1-28 | 184.00 | OK | |||
r-release-windows-x86_64 | 1.1-28 | 37.00 | 208.00 | 245.00 | OK | |
r-oldrel-macos-arm64 | 1.1-28 | 108.00 | OK | |||
r-oldrel-macos-x86_64 | 1.1-28 | 201.00 | OK | |||
r-oldrel-windows-x86_64 | 1.1-28 | 49.00 | 270.00 | 319.00 | OK |
Version: 1.1-28
Check: compiled code
Result: NOTE
File ‘elsa/libs/elsa.so’:
Found no calls to: ‘R_registerRoutines’, ‘R_useDynamicSymbols’
It is good practice to register native routines and to disable symbol
search.
See ‘Writing portable packages’ in the ‘Writing R Extensions’ manual.
Flavors: r-devel-linux-x86_64-fedora-clang, r-devel-linux-x86_64-fedora-gcc